000
CDUS45 KBOU 260732
CLIAKO


CLIMATE REPORT
NATIONAL WEATHER SERVICE DENVER/BOULDER CO
132 AM MDT THU APR 26 2018


...................................

...THE AKRON CO CLIMATE SUMMARY FOR APRIL 25 2018...

CLIMATE NORMAL PERIOD 1981 TO 2010
CLIMATE RECORD PERIOD 9999 TO 9999


WEATHER ITEM   OBSERVED TIME   RECORD YEAR NORMAL DEPARTURE LAST
                VALUE   (LST)  VALUE       VALUE  FROM      YEAR
                                                  NORMAL
..................................................................
TEMPERATURE (F)
 YESTERDAY
  MAXIMUM         62    511 PM  87    1949  64     -2
  MINIMUM         24    450 AM  21    1950  36    -12
  AVERAGE         43                        50     -7

PRECIPITATION (IN)
  YESTERDAY        0.00          0.95 1973   0.06  -0.06     0.11
  MONTH TO DATE    0.75                      1.29  -0.54     1.37
  SINCE MAR 1      1.34                      2.16  -0.82     2.93
  SINCE JAN 1      2.45                      2.90  -0.45     3.04

SNOWFALL (IN)
  YESTERDAY        0.0
  SNOW DEPTH       0

DEGREE DAYS
 HEATING
  YESTERDAY       22
  MONTH TO DATE  517

 COOLING
  YESTERDAY        0
  MONTH TO DATE    0
..................................................................


WIND (MPH)
  HIGHEST WIND SPEED    18   HIGHEST WIND DIRECTION    SW (220)
  HIGHEST GUST SPEED    26   HIGHEST GUST DIRECTION     S (170)




RELATIVE HUMIDITY (PERCENT)
 HIGHEST   100
 LOWEST     22
 AVERAGE    61

..........................................................


THE AKRON CO CLIMATE NORMALS FOR TODAY
                         NORMAL    RECORD    YEAR
 MAXIMUM TEMPERATURE (F)   64        86      1955
 MINIMUM TEMPERATURE (F)   37        21      1988


SUNRISE AND SUNSET
APRIL 26 2018.........SUNRISE   559 AM MDT   SUNSET   743 PM MDT
APRIL 27 2018.........SUNRISE   558 AM MDT   SUNSET   744 PM MDT


-  INDICATES NEGATIVE NUMBERS.
R  INDICATES RECORD WAS SET OR TIED.
MM INDICATES DATA IS MISSING.
T  INDICATES TRACE AMOUNT.




$$
