000
CDUS42 KJAX 250527
CLIAMG


CLIMATE REPORT
NATIONAL WEATHER SERVICE JACKSONVILLE FL
127 AM EDT WED APR 25 2018


...................................

...THE ALMA CLIMATE SUMMARY FOR APRIL 24 2018...

CLIMATE NORMAL PERIOD 1981 TO 2010
CLIMATE RECORD PERIOD 1948 TO 2018


WEATHER ITEM   OBSERVED TIME   RECORD YEAR NORMAL DEPARTURE LAST
                VALUE   (LST)  VALUE       VALUE  FROM      YEAR
                                                  NORMAL
..................................................................
TEMPERATURE (F)
 YESTERDAY
  MAXIMUM         77    155 PM  93    1999  81     -4       71
  MINIMUM         59    634 AM  37    1986  56      3       58
  AVERAGE         68                        68      0       65

PRECIPITATION (IN)
  YESTERDAY        0.00          1.63 2000   0.07  -0.07     0.11
  MONTH TO DATE    1.82                      2.36  -0.54     2.46
  SINCE MAR 1      3.85                      7.11  -3.26     3.00
  SINCE JAN 1      7.36                     15.17  -7.81    11.13

SNOWFALL (IN)
  YESTERDAY        0.0           0.0    MM   0.0    0.0      0.0
  MONTH TO DATE    0.0                       0.0    0.0      0.0
  SINCE MAR 1      0.0                       0.0    0.0      0.0
  SINCE JUL 1      3.0                       0.1    2.9      0.0
  SNOW DEPTH       0

DEGREE DAYS
 HEATING
  YESTERDAY        0                         1     -1        0
  MONTH TO DATE   60                        57      3       27
  SINCE MAR 1    305                       245     60      224
  SINCE JUL 1   1551                      1646    -95     1080

 COOLING
  YESTERDAY        3                         4     -1        0
  MONTH TO DATE   49                        71    -22      109
  SINCE MAR 1     83                       109    -26      172
  SINCE JAN 1    175                       125     50      227
..................................................................


WIND (MPH)
  HIGHEST WIND SPEED    16   HIGHEST WIND DIRECTION    SW (240)
  HIGHEST GUST SPEED    22   HIGHEST GUST DIRECTION     W (250)
  AVERAGE WIND SPEED     7.7


SKY COVER
  POSSIBLE SUNSHINE  MM
  AVERAGE SKY COVER 0.4


WEATHER CONDITIONS
 THE FOLLOWING WEATHER WAS RECORDED YESTERDAY.
  NO SIGNIFICANT WEATHER WAS OBSERVED.


RELATIVE HUMIDITY (PERCENT)
 HIGHEST    87           100 AM
 LOWEST     40           200 PM
 AVERAGE    64

..........................................................


THE ALMA CLIMATE NORMALS FOR TODAY
                         NORMAL    RECORD    YEAR
 MAXIMUM TEMPERATURE (F)   81        91      1958
 MINIMUM TEMPERATURE (F)   56        37      2005


SUNRISE AND SUNSET
APRIL 25 2018.........SUNRISE   651 AM EDT   SUNSET   806 PM EDT
APRIL 26 2018.........SUNRISE   650 AM EDT   SUNSET   806 PM EDT


-  INDICATES NEGATIVE NUMBERS.
R  INDICATES RECORD WAS SET OR TIED.
MM INDICATES DATA IS MISSING.
T  INDICATES TRACE AMOUNT.




$$
