000
CDUS43 KAPX 212128
CLIANJ


CLIMATE REPORT
NATIONAL WEATHER SERVICE GAYLORD MI
528 PM EDT SAT APR 21 2018


...................................

...THE SAULT STE MARIE MI CLIMATE SUMMARY FOR APRIL 21 2018...
VALID TODAY AS OF 0500 PM LOCAL TIME.

CLIMATE NORMAL PERIOD 1981 TO 2010
CLIMATE RECORD PERIOD 1888 TO 2018


WEATHER ITEM   OBSERVED TIME   RECORD YEAR NORMAL DEPARTURE LAST
                VALUE   (LST)  VALUE       VALUE  FROM      YEAR
                                                  NORMAL
..................................................................
TEMPERATURE (F)
 TODAY
  MAXIMUM         57    313 PM  76    1985  53      4       48
  MINIMUM         29    548 AM  16    1981  34     -5       37
  AVERAGE         43                        43      0       43

PRECIPITATION (IN)
  TODAY            0.00          1.46 1992   0.08  -0.08     0.01
  MONTH TO DATE    2.27                      1.72   0.55     2.40
  SINCE MAR 1      3.54                      3.67  -0.13     4.35
  SINCE JAN 1      7.02                      7.20  -0.18    10.31

SNOWFALL (IN)
  TODAY            0.0           3.0  1927   0.2             0.0
  MONTH TO DATE   27.4                       5.7             0.5
  SINCE OCT 1    127.8                     119.3           137.4
  SINCE JUL 1    127.8                     119.3           137.4

DEGREE DAYS
 HEATING
  TODAY           22                        22      0       22
  MONTH TO DATE  743                       562    181      478
  SINCE MAR 1   1924                      1762    162     1676
  SINCE JUL 1   7751                      7888   -137     6550

 COOLING
  TODAY            0                         0      0        0
  MONTH TO DATE    0                         0      0        0
  SINCE MAR 1      0                         0      0        0
  SINCE JAN 1      0                         0      0        0
..................................................................


WIND (MPH)
  RESULTANT WIND SPEED   2   RESULTANT WIND DIRECTION   S (170)
  HIGHEST WIND SPEED    13   HIGHEST WIND DIRECTION     S (200)
  HIGHEST GUST SPEED    14   HIGHEST GUST DIRECTION    SW (220)
  AVERAGE WIND SPEED     3.1


SKY COVER
  POSSIBLE SUNSHINE  MM
  AVERAGE SKY COVER 0.0


WEATHER CONDITIONS
 THE FOLLOWING WEATHER WAS RECORDED TODAY.
  NO SIGNIFICANT WEATHER WAS OBSERVED.


RELATIVE HUMIDITY (PERCENT)
 HIGHEST    63           700 AM
 LOWEST     20           400 PM
 AVERAGE    42

..........................................................


THE SAULT STE MARIE MI CLIMATE NORMALS FOR TOMORROW
                         NORMAL    RECORD    YEAR
 MAXIMUM TEMPERATURE (F)   53        82      1985
 MINIMUM TEMPERATURE (F)   34        20      1986
                                             1982
                                             1950


SUNRISE AND SUNSET
APRIL 21 2018.........SUNRISE   640 AM EDT   SUNSET   833 PM EDT
APRIL 22 2018.........SUNRISE   638 AM EDT   SUNSET   835 PM EDT


-  INDICATES NEGATIVE NUMBERS.
R  INDICATES RECORD WAS SET OR TIED.
MM INDICATES DATA IS MISSING.
T  INDICATES TRACE AMOUNT.




$$
