404
CDUS41 KCTP 220619
CLIAOO


CLIMATE REPORT
NATIONAL WEATHER SERVICE STATE COLLEGE PA
219 AM EDT SUN APR 22 2018


...................................

...THE ALTOONA CLIMATE SUMMARY FOR APRIL 21 2018...

CLIMATE NORMAL PERIOD 1981 TO 2010
CLIMATE RECORD PERIOD 1948 TO 2018


WEATHER ITEM   OBSERVED TIME   RECORD YEAR NORMAL DEPARTURE LAST
                VALUE   (LST)  VALUE       VALUE  FROM      YEAR
                                                  NORMAL
..................................................................
TEMPERATURE (F)
 YESTERDAY
  MAXIMUM         60    425 PM  86    1985  62     -2       77
  MINIMUM         30    611 AM  26    1956  40    -10       55
  AVERAGE         45                        51     -6       66

PRECIPITATION (IN)
  YESTERDAY        0.00          1.63 1955   0.10  -0.10     0.12
  MONTH TO DATE    3.09                      2.23   0.86     1.72
  SINCE MAR 1      5.24                      5.30  -0.06     6.05
  SINCE JAN 1     11.47                      9.51   1.96    10.68

DEGREE DAYS
 HEATING
  YESTERDAY       20                        14      6        0
  MONTH TO DATE  478                       374    104      197
  SINCE MAR 1   1458                      1233    225     1033
  SINCE JUL 1   5544                      5803   -259     4700

 COOLING
  YESTERDAY        0                         0      0        1
  MONTH TO DATE   12                         0     12        8
  SINCE MAR 1     12                         1     11        8
  SINCE JAN 1     12                         1     11        8
..................................................................


WIND (MPH)
  HIGHEST WIND SPEED     8   HIGHEST WIND DIRECTION     S (160)
  HIGHEST GUST SPEED    11   HIGHEST GUST DIRECTION     S (170)
  AVERAGE WIND SPEED     2.0


SKY COVER
  POSSIBLE SUNSHINE  MM
  AVERAGE SKY COVER 0.0


WEATHER CONDITIONS
 THE FOLLOWING WEATHER WAS RECORDED YESTERDAY.
  NO SIGNIFICANT WEATHER WAS OBSERVED.


RELATIVE HUMIDITY (PERCENT)
 HIGHEST    72           600 AM
 LOWEST     23           500 PM
 AVERAGE    48

..........................................................


THE ALTOONA CLIMATE NORMALS FOR TODAY
                         NORMAL    RECORD    YEAR
 MAXIMUM TEMPERATURE (F)   62        85      1954
 MINIMUM TEMPERATURE (F)   40        27      1988


SUNRISE AND SUNSET
APRIL 22 2018.........SUNRISE   625 AM EDT   SUNSET   759 PM EDT
APRIL 23 2018.........SUNRISE   623 AM EDT   SUNSET   800 PM EDT


-  INDICATES NEGATIVE NUMBERS.
R  INDICATES RECORD WAS SET OR TIED.
MM INDICATES DATA IS MISSING.
T  INDICATES TRACE AMOUNT.




$$
