000
CDUS42 KMFL 270821
CLIAPF


CLIMATE REPORT
NATIONAL WEATHER SERVICE MIAMI, FL
421 AM EDT SUN MAY 27 2018


...................................

...THE NAPLES CLIMATE SUMMARY FOR MAY 26 2018...

CLIMATE NORMAL PERIOD 1981 TO 2010
CLIMATE RECORD PERIOD 1942 TO 2018


WEATHER ITEM   OBSERVED TIME   RECORD YEAR NORMAL DEPARTURE LAST
                VALUE   (LST)  VALUE       VALUE  FROM      YEAR
                                                  NORMAL
..................................................................
TEMPERATURE (F)
 YESTERDAY
  MAXIMUM         77   1014 AM  93    1989  89    -12       90
                                      1945
  MINIMUM         71    741 PM  58    1979  71      0       74
  AVERAGE         74                        80     -6       82

PRECIPITATION (IN)
  YESTERDAY        0.22          2.00 1961   0.14   0.08     0.00
  MONTH TO DATE    4.66                      2.41   2.25     2.58
  SINCE NOV 1      8.79                     14.59  -5.80     5.96
  SINCE JAN 1      7.64                     11.10  -3.46     5.61

SNOWFALL (IN)
  YESTERDAY        0.0
  MONTH TO DATE    0.0
  SINCE MAR 1      0.0
  SINCE JUL 1      0.0
  SNOW DEPTH       0

DEGREE DAYS
 HEATING
  YESTERDAY        0                         0      0        0
  MONTH TO DATE    0                         0      0        0
  SINCE MAR 1     22                        27     -5       11
  SINCE JUL 1    200                       260    -60       67

 COOLING
  YESTERDAY        9                        15     -6       17
  MONTH TO DATE  369                       333     36      380
  SINCE MAR 1    850                       762     88      931
  SINCE JAN 1   1210                       953    257     1254
..................................................................


WIND (MPH)
  HIGHEST WIND SPEED    22   HIGHEST WIND DIRECTION     E (90)
  HIGHEST GUST SPEED    30   HIGHEST GUST DIRECTION     E (100)
  AVERAGE WIND SPEED    10.7


SKY COVER
  AVERAGE SKY COVER 0.7


WEATHER CONDITIONS
 THE FOLLOWING WEATHER WAS RECORDED YESTERDAY.
  RAIN
  LIGHT RAIN
  FOG


RELATIVE HUMIDITY (PERCENT)
 HIGHEST   100
 LOWEST    100
 AVERAGE   100

..........................................................


THE NAPLES CLIMATE NORMALS FOR TODAY
                         NORMAL    RECORD    YEAR
 MAXIMUM TEMPERATURE (F)   89        94      1945
 MINIMUM TEMPERATURE (F)   71        58      1979


SUNRISE AND SUNSET
MAY 27 2018...........SUNRISE   636 AM EDT   SUNSET   813 PM EDT
MAY 28 2018...........SUNRISE   636 AM EDT   SUNSET   813 PM EDT


-  INDICATES NEGATIVE NUMBERS.
R  INDICATES RECORD WAS SET OR TIED.
MM INDICATES DATA IS MISSING.
T  INDICATES TRACE AMOUNT.




$$
