000
CDUS42 KFFC 242058
CLIATL


CLIMATE REPORT
NATIONAL WEATHER SERVICE PEACHTREE CITY GA
457 PM EDT THU MAY 24 2018


...................................

...THE ATLANTA CLIMATE SUMMARY FOR MAY 24 2018...
VALID TODAY AS OF 0400 PM LOCAL TIME.

CLIMATE NORMAL PERIOD 1981 TO 2010
CLIMATE RECORD PERIOD 1878 TO 2018


WEATHER ITEM   OBSERVED TIME   RECORD YEAR NORMAL DEPARTURE LAST
                VALUE   (LST)  VALUE       VALUE  FROM      YEAR
                                                  NORMAL
..................................................................
TEMPERATURE (F)
 TODAY
  MAXIMUM         86    259 PM  95    1996  82      4       79
  MINIMUM         70    616 AM  45    1892  63      7       59
  AVERAGE         78                        72      6       69

PRECIPITATION (IN)
  TODAY            0.00          1.80 1910   0.11  -0.11      T
  MONTH TO DATE    3.35                      2.90   0.45     3.71
  SINCE MAR 1     14.74                     11.07   3.67    12.14
  SINCE JAN 1     24.11                     19.94   4.17    22.19

DEGREE DAYS
 HEATING
  TODAY            0                         0      0        0
  MONTH TO DATE    0                        24    -24       24
  SINCE MAR 1    523                       509     14      334
  SINCE JUL 1   2467                      2764   -297     1690

 COOLING
  TODAY           13                         8      5        4
  MONTH TO DATE  226                       124    102      165
  SINCE MAR 1    249                       189     60      349
  SINCE JAN 1    276                       190     86      354
..................................................................


WIND (MPH)
  HIGHEST WIND SPEED    12   HIGHEST WIND DIRECTION     E (90)
  HIGHEST GUST SPEED    17   HIGHEST GUST DIRECTION    NE (30)
  AVERAGE WIND SPEED     5.5


SKY COVER
  POSSIBLE SUNSHINE  MM
  AVERAGE SKY COVER 0.9


WEATHER CONDITIONS
 THE FOLLOWING WEATHER WAS RECORDED TODAY.
  FOG
  FOG W/VISIBILITY <= 1/4 MILE


RELATIVE HUMIDITY (PERCENT)
 HIGHEST   100           200 AM
 LOWEST     55           300 PM
 AVERAGE    78

..........................................................


THE ATLANTA CLIMATE NORMALS FOR TOMORROW
                         NORMAL    RECORD    YEAR
 MAXIMUM TEMPERATURE (F)   82        93      1960
                                             1953
 MINIMUM TEMPERATURE (F)   63        46      1979


SUNRISE AND SUNSET
MAY 24 2018...........SUNRISE   632 AM EDT   SUNSET   838 PM EDT
MAY 25 2018...........SUNRISE   631 AM EDT   SUNSET   839 PM EDT


-  INDICATES NEGATIVE NUMBERS.
R  INDICATES RECORD WAS SET OR TIED.
MM INDICATES DATA IS MISSING.
T  INDICATES TRACE AMOUNT.




$$
