804
CDUS41 KCTP 242120
CLIBFD


CLIMATE REPORT
NATIONAL WEATHER SERVICE STATE COLLEGE PA
519 PM EDT TUE APR 24 2018


...................................

...THE BRADFORD CLIMATE SUMMARY FOR APRIL 24 2018...
VALID TODAY AS OF 0500 PM LOCAL TIME.

CLIMATE NORMAL PERIOD 1981 TO 2010
CLIMATE RECORD PERIOD 1957 TO 2018


WEATHER ITEM   OBSERVED TIME   RECORD YEAR NORMAL DEPARTURE LAST
                VALUE   (LST)  VALUE       VALUE  FROM      YEAR
                                                  NORMAL
..................................................................
TEMPERATURE (F)
 TODAY
  MAXIMUM         56   1119 AM  82    1958  59     -3       71
  MINIMUM         48    712 AM  21    2002  35     13       32
  AVERAGE         52                        47      5       52

PRECIPITATION (IN)
  TODAY            0.03          1.24 1961   0.11  -0.08      T
  MONTH TO DATE    2.82                      2.83  -0.01     4.14
  SINCE MAR 1      5.20                      6.20  -1.00     7.88
  SINCE JAN 1     12.21                     11.84   0.37    14.96

DEGREE DAYS
 HEATING
  TODAY           13                        13      0       13
  MONTH TO DATE  671                       415    256      386
  SINCE MAR 1   1806                      1452    354     1453
  SINCE JUL 1   6902                      7022   -120     6036

 COOLING
  TODAY            0                         0      0        0
  MONTH TO DATE    0                         0      0        1
  SINCE MAR 1      0                         0      0        1
  SINCE JAN 1      0                         0      0        1
..................................................................


WIND (MPH)
  HIGHEST WIND SPEED    18   HIGHEST WIND DIRECTION    SE (140)
  HIGHEST GUST SPEED    27   HIGHEST GUST DIRECTION    SE (120)
  AVERAGE WIND SPEED     9.3


SKY COVER
  POSSIBLE SUNSHINE  MM
  AVERAGE SKY COVER 0.7


WEATHER CONDITIONS
 THE FOLLOWING WEATHER WAS RECORDED TODAY.
  LIGHT RAIN


RELATIVE HUMIDITY (PERCENT)
 HIGHEST    77           200 PM
 LOWEST     41           900 AM
 AVERAGE    59

..........................................................


THE BRADFORD CLIMATE NORMALS FOR TOMORROW
                         NORMAL    RECORD    YEAR
 MAXIMUM TEMPERATURE (F)   59        82      2009
 MINIMUM TEMPERATURE (F)   35        17      1967


SUNRISE AND SUNSET
APRIL 24 2018.........SUNRISE   621 AM EDT   SUNSET   805 PM EDT
APRIL 25 2018.........SUNRISE   619 AM EDT   SUNSET   806 PM EDT


-  INDICATES NEGATIVE NUMBERS.
R  INDICATES RECORD WAS SET OR TIED.
MM INDICATES DATA IS MISSING.
T  INDICATES TRACE AMOUNT.




$$
