000
CDUS44 KAMA 200628
CLIBGD


CLIMATE REPORT
NATIONAL WEATHER SERVICE AMARILLO TX
128 AM CDT FRI APR 20 2018


...................................

...THE BORGER CLIMATE SUMMARY FOR APRIL 19 2018...

CLIMATE NORMAL PERIOD 1981 TO 2010
CLIMATE RECORD PERIOD 1949 TO 2018


WEATHER ITEM   OBSERVED TIME   RECORD YEAR NORMAL DEPARTURE LAST
                VALUE   (LST)  VALUE       VALUE  FROM      YEAR
                                                  NORMAL
..................................................................
TEMPERATURE (F)
 YESTERDAY
  MAXIMUM         71    325 PM  93    2017  74     -3       93
  MINIMUM         40    643 AM  28    2013  46     -6       60
  AVERAGE         56                        60     -4       77

PRECIPITATION (IN)
  YESTERDAY        0.00          0.91 2016   0.06  -0.06     0.00
  MONTH TO DATE    T                         1.07  -1.07     0.36
  SINCE MAR 1      0.04                      2.48  -2.44     3.06
  SINCE JAN 1      0.05                      3.69  -3.64     6.54

SNOWFALL (IN)
  YESTERDAY        0.0           T    1976                   0.0
  MONTH TO DATE    0.0                                       0.0
  SINCE MAR 1      0.0                                       0.0
  SINCE JUL 1      2.0                                       3.6
  SNOW DEPTH       0

DEGREE DAYS
 HEATING
  YESTERDAY        9                         7      2        0
  MONTH TO DATE  208                       167     41      103
  SINCE MAR 1    519                       651   -132      401
  SINCE JUL 1   3180                      3644   -464     2736

 COOLING
  YESTERDAY        0                         1     -1       12
  MONTH TO DATE   30                        16     14       61
  SINCE MAR 1     41                        23     18       94
  SINCE JAN 1     41                        23     18      108
..................................................................


WIND (MPH)
  RESULTANT WIND SPEED   9   RESULTANT WIND DIRECTION  SE (140)
  HIGHEST WIND SPEED    22   HIGHEST WIND DIRECTION    SE (140)
  HIGHEST GUST SPEED    29   HIGHEST GUST DIRECTION    SE (140)
  AVERAGE WIND SPEED     9.8


SKY COVER
  AVERAGE SKY COVER 0.0


WEATHER CONDITIONS
 THE FOLLOWING WEATHER WAS RECORDED YESTERDAY.
  NO SIGNIFICANT WEATHER WAS OBSERVED.


RELATIVE HUMIDITY (PERCENT)
 HIGHEST    45           800 AM
 LOWEST     15           300 PM
 AVERAGE    30

..........................................................


THE BORGER CLIMATE NORMALS FOR TODAY
                         NORMAL    RECORD    YEAR
 MAXIMUM TEMPERATURE (F)   74        91      1989
 MINIMUM TEMPERATURE (F)   46        25      1966


SUNRISE AND SUNSET
APRIL 20 2018.........SUNRISE   706 AM CDT   SUNSET   823 PM CDT
APRIL 21 2018.........SUNRISE   705 AM CDT   SUNSET   824 PM CDT


-  INDICATES NEGATIVE NUMBERS.
R  INDICATES RECORD WAS SET OR TIED.
MM INDICATES DATA IS MISSING.
T  INDICATES TRACE AMOUNT.




$$
