000
CDUS43 KBIS 210018
CLIBIS


CLIMATE REPORT
NATIONAL WEATHER SERVICE BISMARCK ND
718 PM CDT SUN MAY 20 2018


...................................

...THE BISMARCK ND CLIMATE SUMMARY FOR MAY 20 2018...
VALID TODAY AS OF 0500 PM LOCAL TIME.

CLIMATE NORMAL PERIOD 1981 TO 2010
CLIMATE RECORD PERIOD 1875 TO 2018


WEATHER ITEM   OBSERVED TIME   RECORD YEAR NORMAL DEPARTURE LAST
                VALUE   (LST)  VALUE       VALUE  FROM      YEAR
                                                  NORMAL
..................................................................
TEMPERATURE (F)
 TODAY
  MAXIMUM         71    354 PM  92    1886  70      1       61
  MINIMUM         35    511 AM  23    1931  44     -9       42
  AVERAGE         53                        57     -4       52

PRECIPITATION (IN)
  TODAY            0.00          1.54 1987   0.08  -0.08     0.00
  MONTH TO DATE    0.92                      1.45  -0.53     0.24
  SINCE MAR 1      3.11                      3.58  -0.47     1.72
  SINCE JAN 1      3.86                      4.52  -0.66     3.12

SNOWFALL (IN)
  TODAY            0.0           0.0  2002
                                      2001
  MONTH TO DATE    T
  SINCE MAR 1     26.3
  SINCE JUL 1     44.1

DEGREE DAYS
 HEATING
  TODAY           12                         9      3       13
  MONTH TO DATE  166                       232    -66      156
  SINCE MAR 1   2211                      1956    255     1786
  SINCE JUL 1   8527                      8387    140     7788

 COOLING
  TODAY            0                         1     -1        0
  MONTH TO DATE    4                         2      2       14
  SINCE MAR 1      5                         3      2       14
  SINCE JAN 1      5                         3      2       14
..................................................................


WIND (MPH)
  RESULTANT WIND SPEED   5   RESULTANT WIND DIRECTION   S (160)
  HIGHEST WIND SPEED    20   HIGHEST WIND DIRECTION     S (170)
  HIGHEST GUST SPEED    23   HIGHEST GUST DIRECTION     S (170)
  AVERAGE WIND SPEED     5.8


SKY COVER
  POSSIBLE SUNSHINE  MM
  AVERAGE SKY COVER 0.0


WEATHER CONDITIONS
 THE FOLLOWING WEATHER WAS RECORDED TODAY.
  FOG


RELATIVE HUMIDITY (PERCENT)
 HIGHEST   100           500 AM
 LOWEST     26           500 PM
 AVERAGE    63

..........................................................


THE BISMARCK ND CLIMATE NORMALS FOR TOMORROW
                         NORMAL    RECORD    YEAR
 MAXIMUM TEMPERATURE (F)   70        96      1980
 MINIMUM TEMPERATURE (F)   45        29      1963
                                             1882


SUNRISE AND SUNSET
MAY 20 2018...........SUNRISE   603 AM CDT   SUNSET   917 PM CDT
MAY 21 2018...........SUNRISE   602 AM CDT   SUNSET   918 PM CDT


-  INDICATES NEGATIVE NUMBERS.
R  INDICATES RECORD WAS SET OR TIED.
MM INDICATES DATA IS MISSING.
T  INDICATES TRACE AMOUNT.




$$
