000
CDUS43 KGRR 280516
CLIBIV


CLIMATE REPORT
NATIONAL WEATHER SERVICE GRAND RAPIDS, MI
116 AM EDT MON MAY 28 2018


...................................

...THE HOLLAND/TULIP CITY MI CLIMATE SUMMARY FOR MAY 27 2018...

CLIMATE NORMAL PERIOD 1981 TO 2010
CLIMATE RECORD PERIOD 1996 TO 2018


WEATHER ITEM   OBSERVED TIME   NORMAL DEPARTURE LAST
                VALUE   (LST)  VALUE  FROM      YEAR
                                      NORMAL
......................................................
TEMPERATURE (F)
 YESTERDAY
  MAXIMUM         90    300 PM  72     18       77
  MINIMUM         58    205 AM  52      6       50
  AVERAGE         74            62     12       64

PRECIPITATION (IN)
  YESTERDAY        0.00          0.09  -0.09     0.00
  MONTH TO DATE    5.37          2.85   2.52     1.59
  SINCE MAR 1      8.95          8.37   0.58    10.47
  SINCE JAN 1     14.57         12.26   2.31    15.13

DEGREE DAYS
 HEATING
  YESTERDAY        0             5     -5        1
  MONTH TO DATE  118           215    -97      257
  SINCE MAR 1   1807          1594    213     1552
  SINCE JUL 1   6314          6094    220     5414

 COOLING
  YESTERDAY        9             2      7        0
  MONTH TO DATE   39            28     11       21
  SINCE MAR 1     39            32      7       29
  SINCE JAN 1     39            32      7       29
......................................................


WIND (MPH)
  RESULTANT WIND SPEED   3   RESULTANT WIND DIRECTION   W (260)
  HIGHEST WIND SPEED    12   HIGHEST WIND DIRECTION     W (290)
  HIGHEST GUST SPEED    14   HIGHEST GUST DIRECTION    SW (240)
  AVERAGE WIND SPEED     3.3


SKY COVER
  AVERAGE SKY COVER 0.0


WEATHER CONDITIONS
 THE FOLLOWING WEATHER WAS RECORDED YESTERDAY.
  NO SIGNIFICANT WEATHER WAS OBSERVED.


RELATIVE HUMIDITY (PERCENT)
 HIGHEST    93           100 AM
 LOWEST     43           400 PM
 AVERAGE    68

..........................................................


THE HOLLAND/TULIP CITY MI CLIMATE NORMALS FOR TODAY
                         NORMAL
 MAXIMUM TEMPERATURE (F)   73
 MINIMUM TEMPERATURE (F)   53


SUNRISE AND SUNSET
MAY 28 2018...........SUNRISE   611 AM EDT   SUNSET   913 PM EDT
MAY 29 2018...........SUNRISE   610 AM EDT   SUNSET   914 PM EDT


-  INDICATES NEGATIVE NUMBERS.
R  INDICATES RECORD WAS SET OR TIED.
MM INDICATES DATA IS MISSING.
T  INDICATES TRACE AMOUNT.




$$
