000
CDUS46 KBOI 230932
CLIBKE


CLIMATE REPORT
NATIONAL WEATHER SERVICE BOISE ID
332 AM MDT WED MAY 23 2018


...................................

...THE BAKER OR CLIMATE SUMMARY FOR MAY 22 2018...

CLIMATE NORMAL PERIOD 1981 TO 2010
CLIMATE RECORD PERIOD 1928 TO 2018


WEATHER ITEM   OBSERVED TIME   RECORD YEAR NORMAL DEPARTURE LAST
                VALUE   (LST)  VALUE       VALUE  FROM      YEAR
                                                  NORMAL
..................................................................
TEMPERATURE (F)
 YESTERDAY
  MAXIMUM         82    315 PM  89    2001  68     14       79
                                      1958
                                      1956
  MINIMUM         45    436 AM  30    2013  38      7       36
                                      1966
  AVERAGE         64                        53     11       58

PRECIPITATION (IN)
  YESTERDAY        T             0.46 2006   0.06  -0.06     0.00
  MONTH TO DATE    0.66                      1.01  -0.35     0.33
  SINCE OCT 1      4.81                      6.57  -1.76     6.48
  SINCE JAN 1      3.55                      4.06  -0.51     3.74

DEGREE DAYS
 HEATING
  YESTERDAY        1                        12    -11        7
  MONTH TO DATE  157                       332   -175      363
  SINCE MAR 1   1482                      1825   -343     1783
  SINCE JUL 1   6241                      7345  -1104     7611

 COOLING
  YESTERDAY        0                         0      0        0
  MONTH TO DATE    0                         0      0        0
  SINCE MAR 1      0                         0      0        0
  SINCE JAN 1      0                         0      0        0
..................................................................


WIND (MPH)
  RESULTANT WIND SPEED   1   RESULTANT WIND DIRECTION   W (270)
  HIGHEST WIND SPEED    25   HIGHEST WIND DIRECTION     E (70)
  HIGHEST GUST SPEED    35   HIGHEST GUST DIRECTION    NE (50)
  AVERAGE WIND SPEED     6.3


SKY COVER
  AVERAGE SKY COVER 0.1


WEATHER CONDITIONS
 THE FOLLOWING WEATHER WAS RECORDED YESTERDAY.
  THUNDERSTORM


RELATIVE HUMIDITY (PERCENT)
 HIGHEST    93           500 AM
 LOWEST     33           200 PM
 AVERAGE    63

..........................................................


THE BAKER OR CLIMATE NORMALS FOR TODAY
                         NORMAL    RECORD    YEAR
 MAXIMUM TEMPERATURE (F)   68        94      2001
 MINIMUM TEMPERATURE (F)   38        22      1966


SUNRISE AND SUNSET
MAY 23 2018...........SUNRISE   515 AM PDT   SUNSET   822 PM PDT
MAY 24 2018...........SUNRISE   514 AM PDT   SUNSET   823 PM PDT


-  INDICATES NEGATIVE NUMBERS.
R  INDICATES RECORD WAS SET OR TIED.
MM INDICATES DATA IS MISSING.
T  INDICATES TRACE AMOUNT.




$$
