000
CDUS41 KRLX 232207
CLIBKW


CLIMATE REPORT
NATIONAL WEATHER SERVICE CHARLESTON WV
600 PM EDT WED MAY 23 2018


...................................

...THE BECKLEY WV CLIMATE SUMMARY FOR MAY 23 2018...
VALID TODAY AS OF 0500 PM LOCAL TIME.

CLIMATE NORMAL PERIOD 1981 TO 2010
CLIMATE RECORD PERIOD 1963 TO 2018


WEATHER ITEM   OBSERVED TIME   RECORD YEAR NORMAL DEPARTURE LAST
                VALUE   (LST)  VALUE       VALUE  FROM      YEAR
                                                  NORMAL
..................................................................
TEMPERATURE (F)
 TODAY
  MAXIMUM         76    358 PM  88    1902  72      4       60
  MINIMUM         59    141 AM  30    1907  51      8       50
  AVERAGE         68                        61      7       55

PRECIPITATION (IN)
  TODAY            0.01          2.10 1927   0.15  -0.14     0.67
  MONTH TO DATE    4.07                      3.42   0.65     5.24
  SINCE MAR 1     11.93                     10.35   1.58    12.63
  SINCE JAN 1     21.23                     15.92   5.31    19.00

DEGREE DAYS
 HEATING
  TODAY            0                         5     -5       10
  MONTH TO DATE   33                       160   -127      146
  SINCE MAR 1   1382                      1268    114     1062
  SINCE JUL 1   5072                      5269   -197     4196

 COOLING
  TODAY            3                         1      2        0
  MONTH TO DATE   79                        17     62       29
  SINCE MAR 1     90                        27     63       60
  SINCE JAN 1     91                        27     64       60
..................................................................


WIND (MPH)
  HIGHEST WIND SPEED    16   HIGHEST WIND DIRECTION     N (350)
  HIGHEST GUST SPEED    21   HIGHEST GUST DIRECTION     N (360)
  AVERAGE WIND SPEED     7.2


SKY COVER
  POSSIBLE SUNSHINE  MM
  AVERAGE SKY COVER 0.6


WEATHER CONDITIONS
 THE FOLLOWING WEATHER WAS RECORDED TODAY.
  LIGHT RAIN
  FOG


RELATIVE HUMIDITY (PERCENT)
 HIGHEST    97          1200 AM
 LOWEST     46           400 PM
 AVERAGE    72

..........................................................


THE BECKLEY WV CLIMATE NORMALS FOR TOMORROW
                         NORMAL    RECORD    YEAR
 MAXIMUM TEMPERATURE (F)   72        90      1939
 MINIMUM TEMPERATURE (F)   51        31      1961


SUNRISE AND SUNSET
MAY 23 2018...........SUNRISE   609 AM EDT   SUNSET   834 PM EDT
MAY 24 2018...........SUNRISE   608 AM EDT   SUNSET   835 PM EDT


-  INDICATES NEGATIVE NUMBERS.
R  INDICATES RECORD WAS SET OR TIED.
MM INDICATES DATA IS MISSING.
T  INDICATES TRACE AMOUNT.




$$
