000
CDUS41 KRNK 262121
CLIBLF


CLIMATE REPORT
NATIONAL WEATHER SERVICE BLACKSBURG VA
520 PM EDT THU APR 26 2018


...................................

...THE BLUEFIELD WV CLIMATE SUMMARY FOR APRIL 26 2018...
VALID TODAY AS OF 0500 PM LOCAL TIME.

CLIMATE NORMAL PERIOD 1981 TO 2010
CLIMATE RECORD PERIOD 1959 TO 2018


WEATHER ITEM   OBSERVED TIME   RECORD YEAR NORMAL DEPARTURE LAST
                VALUE   (LST)  VALUE       VALUE  FROM      YEAR
                                                  NORMAL
..................................................................
TEMPERATURE (F)
 TODAY
  MAXIMUM         59    350 PM  86    2009  68     -9       77
  MINIMUM         42    654 AM  30    1972  48     -6       51
  AVERAGE         51                        58     -7       64

PRECIPITATION (IN)
  TODAY            0.00          2.23 1978   0.12  -0.12     0.00
  MONTH TO DATE    3.33                      2.87   0.46     4.26
  SINCE MAR 1      8.02                      6.38   1.64     7.88
  SINCE JAN 1     14.70                     12.04   2.66    13.69

SNOWFALL (IN)
  TODAY            0.0                                       0.0
  MONTH TO DATE    1.5                                       0.1
  SINCE MAR 1     33.8                                       3.3
  SINCE JUL 1     48.5                                      20.5
  SNOW DEPTH       0

DEGREE DAYS
 HEATING
  TODAY           14                         8      6        1
  MONTH TO DATE  441                       292    149      235
  SINCE MAR 1   1294                       908    386      941
  SINCE JUL 1   5024                      4401    623     4073

 COOLING
  TODAY            0                         1     -1        0
  MONTH TO DATE    4                        24    -20        2
  SINCE MAR 1      4                        28    -24        2
  SINCE JAN 1      6                        28    -22        2
..................................................................


WIND (MPH)
  HIGHEST WIND SPEED     8   HIGHEST WIND DIRECTION     W (290)
  HIGHEST GUST SPEED    11   HIGHEST GUST DIRECTION     W (270)
  AVERAGE WIND SPEED     3.2


SKY COVER
  AVERAGE SKY COVER 0.5


WEATHER CONDITIONS
 THE FOLLOWING WEATHER WAS RECORDED TODAY.
  FOG
  FOG W/VISIBILITY <= 1/4 MILE


RELATIVE HUMIDITY (PERCENT)
 HIGHEST   100           700 AM
 LOWEST     43           100 PM
 AVERAGE    72

..........................................................


THE BLUEFIELD WV CLIMATE NORMALS FOR TOMORROW
                         NORMAL    RECORD    YEAR
 MAXIMUM TEMPERATURE (F)   68        86      1990
 MINIMUM TEMPERATURE (F)   49        29      1976


SUNRISE AND SUNSET
APRIL 26 2018.........SUNRISE   636 AM EDT   SUNSET   810 PM EDT
APRIL 27 2018.........SUNRISE   635 AM EDT   SUNSET   811 PM EDT


-  INDICATES NEGATIVE NUMBERS.
R  INDICATES RECORD WAS SET OR TIED.
MM INDICATES DATA IS MISSING.
T  INDICATES TRACE AMOUNT.




$$
