000
CDUS43 KIND 200536
CLIBMG


CLIMATE REPORT
NATIONAL WEATHER SERVICE INDIANAPOLIS IN
136 AM EDT FRI APR 20 2018


...................................

...THE BLOOMINGTON IN CLIMATE SUMMARY FOR APRIL 19 2018...

CLIMATE NORMAL PERIOD 1981 TO 2010
CLIMATE RECORD PERIOD 9999 TO 9999


WEATHER ITEM   OBSERVED TIME   NORMAL DEPARTURE LAST
                VALUE   (LST)  VALUE  FROM      YEAR
                                      NORMAL
......................................................
TEMPERATURE (F)
 YESTERDAY
  MAXIMUM         56    455 PM  66    -10       81
  MINIMUM         34    519 AM  43     -9       62
  AVERAGE         45            55    -10       72

PRECIPITATION (IN)
  YESTERDAY        T             0.15  -0.15     0.00
  MONTH TO DATE    2.95          2.88   0.07     1.15
  SINCE MAR 1      8.23          6.76   1.47     5.58
  SINCE JAN 1     16.40         12.83   3.57    10.62

DEGREE DAYS
 HEATING
  YESTERDAY       20            11      9        0
  MONTH TO DATE  380           257    123      130
  SINCE MAR 1   1133           945    188      734
  SINCE JUL 1   4986          5013    -27     3921

 COOLING
  YESTERDAY        0             1     -1        7
  MONTH TO DATE    7            11     -4       22
  SINCE MAR 1      7            14     -7       25
  SINCE JAN 1     13            14     -1       25
......................................................


WIND (MPH)
  HIGHEST WIND SPEED    21   HIGHEST WIND DIRECTION     W (280)
  HIGHEST GUST SPEED    31   HIGHEST GUST DIRECTION     W (280)
  AVERAGE WIND SPEED     9.6


SKY COVER
  AVERAGE SKY COVER 0.5


WEATHER CONDITIONS
 THE FOLLOWING WEATHER WAS RECORDED YESTERDAY.
  LIGHT SNOW
  FOG
  HAZE


RELATIVE HUMIDITY (PERCENT)
 HIGHEST    89           900 AM
 LOWEST     38           400 PM
 AVERAGE    64

..........................................................


THE BLOOMINGTON IN CLIMATE NORMALS FOR TODAY
                         NORMAL
 MAXIMUM TEMPERATURE (F)   66
 MINIMUM TEMPERATURE (F)   44


SUNRISE AND SUNSET
APRIL 20 2018.........SUNRISE   703 AM EDT   SUNSET   829 PM EDT
APRIL 21 2018.........SUNRISE   701 AM EDT   SUNSET   830 PM EDT


-  INDICATES NEGATIVE NUMBERS.
R  INDICATES RECORD WAS SET OR TIED.
MM INDICATES DATA IS MISSING.
T  INDICATES TRACE AMOUNT.




$$
