000
CDUS45 KBOI 270121
CLIBNO


CLIMATE REPORT
NATIONAL WEATHER SERVICE BOISE ID
720 PM MDT THU APR 26 2018


...................................

...THE BURNS OR CLIMATE SUMMARY FOR APRIL 26 2018...
VALID TODAY AS OF 0600 PM LOCAL TIME.

CLIMATE NORMAL PERIOD 1981 TO 2010
CLIMATE RECORD PERIOD 1938 TO 2018


WEATHER ITEM   OBSERVED TIME   RECORD YEAR NORMAL DEPARTURE LAST
                VALUE   (LST)  VALUE       VALUE  FROM      YEAR
                                                  NORMAL
..................................................................
TEMPERATURE (F)
 TODAY
  MAXIMUM         77    110 PM  82    1987  60     17       52
  MINIMUM         35    503 AM  18    2015  31      4       31
                                      2008
  AVERAGE         56                        46     10       42

PRECIPITATION (IN)
  TODAY            0.00          0.57 2012   0.03  -0.03     0.15
  MONTH TO DATE    0.53                      0.81  -0.28     1.16
  SINCE OCT 1      5.93                      7.61  -1.68    11.37
  SINCE JAN 1      3.27                      4.11  -0.84     7.86

DEGREE DAYS
 HEATING
  TODAY            9                        19    -10       23
  MONTH TO DATE  559                       579    -20      603
  SINCE MAR 1   1437                      1436      1     1398
  SINCE JUL 1   6710                      6964   -254     7272

 COOLING
  TODAY            0                         0      0        0
  MONTH TO DATE    0                         0      0        0
  SINCE MAR 1      0                         0      0        0
  SINCE JAN 1      0                         0      0        0
..................................................................


WIND (MPH)
  HIGHEST WIND SPEED    20   HIGHEST WIND DIRECTION    NE (40)
  HIGHEST GUST SPEED    26   HIGHEST GUST DIRECTION    NE (50)
  AVERAGE WIND SPEED     9.7



WEATHER CONDITIONS
 THE FOLLOWING WEATHER WAS RECORDED TODAY.
  NO SIGNIFICANT WEATHER WAS OBSERVED.


RELATIVE HUMIDITY (PERCENT)
 HIGHEST    82           400 AM
 LOWEST     15           500 PM
 AVERAGE    49

..........................................................


THE BURNS OR CLIMATE NORMALS FOR TOMORROW
                         NORMAL    RECORD    YEAR
 MAXIMUM TEMPERATURE (F)   60        84      1987
 MINIMUM TEMPERATURE (F)   31        18      1955


SUNRISE AND SUNSET
APRIL 26 2018.........SUNRISE   556 AM PDT   SUNSET   752 PM PDT
APRIL 27 2018.........SUNRISE   554 AM PDT   SUNSET   754 PM PDT


-  INDICATES NEGATIVE NUMBERS.
R  INDICATES RECORD WAS SET OR TIED.
MM INDICATES DATA IS MISSING.
T  INDICATES TRACE AMOUNT.




$$
