000
CDUS43 KGRR 270519
CLIBTL


CLIMATE REPORT
NATIONAL WEATHER SERVICE GRAND RAPIDS, MI
119 AM EDT SUN MAY 27 2018


...................................

...THE BATTLE CREEK MI CLIMATE SUMMARY FOR MAY 26 2018...

CLIMATE NORMAL PERIOD 1981 TO 2010
CLIMATE RECORD PERIOD 1998 TO 2018


WEATHER ITEM   OBSERVED TIME   NORMAL DEPARTURE LAST
                VALUE   (LST)  VALUE  FROM      YEAR
                                      NORMAL
......................................................
TEMPERATURE (F)
 YESTERDAY
  MAXIMUM         85    506 PM  73     12       71
  MINIMUM         65   1158 PM  49     16       51
  AVERAGE         75            61     14       61

PRECIPITATION (IN)
  YESTERDAY        0.02          0.13  -0.11     0.03
  MONTH TO DATE    6.49          3.15   3.34     2.88
  SINCE MAR 1     10.63          7.86   2.77    10.01
  SINCE JAN 1     16.98         10.86   6.12    15.48

DEGREE DAYS
 HEATING
  YESTERDAY        0             6     -6        4
  MONTH TO DATE   84           222   -138      233
  SINCE MAR 1   1751          1646    105     1500
  SINCE JUL 1   6412          6611   -199     5403

 COOLING
  YESTERDAY       10             2      8        0
  MONTH TO DATE   45            22     23       23
  SINCE MAR 1     45            29     16       32
  SINCE JAN 1     45            29     16       32
......................................................


WIND (MPH)
  RESULTANT WIND SPEED   5   RESULTANT WIND DIRECTION   W (250)
  HIGHEST WIND SPEED    16   HIGHEST WIND DIRECTION    SW (220)
  HIGHEST GUST SPEED    19   HIGHEST GUST DIRECTION    SW (210)
  AVERAGE WIND SPEED     6.9


SKY COVER
  AVERAGE SKY COVER 0.3


WEATHER CONDITIONS
 THE FOLLOWING WEATHER WAS RECORDED YESTERDAY.
  LIGHT RAIN


RELATIVE HUMIDITY (PERCENT)
 HIGHEST    90           800 AM
 LOWEST     43           400 PM
 AVERAGE    67

..........................................................


THE BATTLE CREEK MI CLIMATE NORMALS FOR TODAY
                         NORMAL
 MAXIMUM TEMPERATURE (F)   74
 MINIMUM TEMPERATURE (F)   49


SUNRISE AND SUNSET
MAY 27 2018...........SUNRISE   610 AM EDT   SUNSET   907 PM EDT
MAY 28 2018...........SUNRISE   609 AM EDT   SUNSET   908 PM EDT


-  INDICATES NEGATIVE NUMBERS.
R  INDICATES RECORD WAS SET OR TIED.
MM INDICATES DATA IS MISSING.
T  INDICATES TRACE AMOUNT.




$$
