000
CDUS41 KBTV 220550
CLIBTV


CLIMATE REPORT
NATIONAL WEATHER SERVICE BURLINGTON VT
149 AM EDT SUN APR 22 2018


...................................

...THE BURLINGTON VT CLIMATE SUMMARY FOR APRIL 21 2018...

CLIMATE NORMAL PERIOD 1981 TO 2010
CLIMATE RECORD PERIOD 1884 TO 2018


WEATHER ITEM   OBSERVED TIME   RECORD YEAR NORMAL DEPARTURE LAST
                VALUE   (LST)  VALUE       VALUE  FROM      YEAR
                                                  NORMAL
..................................................................
TEMPERATURE (F)
 YESTERDAY
  MAXIMUM         55    405 PM  83    1987  58     -3       54
                                      1977
  MINIMUM         30    536 AM  18    1908  37     -7       43
  AVERAGE         43                        47     -4       49

PRECIPITATION (IN)
  YESTERDAY        0.00          0.83 1958   0.10  -0.10     0.48
                                      1921
  MONTH TO DATE    2.74                      1.94   0.80     3.61
  SINCE MAR 1      5.37                      4.16   1.21     6.88
  SINCE JAN 1      9.31                      7.98   1.33    11.55

SNOWFALL (IN)
  YESTERDAY        0.0           2.2  1988   0.2   -0.2      0.0
  MONTH TO DATE    4.2                       3.9    0.3      4.4
  SINCE MAR 1     34.3                      19.7   14.6     41.2
  SINCE JUL 1     88.7                      80.5    8.2    100.4
  SNOW DEPTH       0

DEGREE DAYS
 HEATING
  YESTERDAY       22                        18      4       16
  MONTH TO DATE  585                       469    116      369
  SINCE MAR 1   1624                      1523    101     1526
  SINCE JUL 1   6421                      6933   -512     5904

 COOLING
  YESTERDAY        0                         0      0        0
  MONTH TO DATE    0                         0      0        6
  SINCE MAR 1      0                         0      0        6
  SINCE JAN 1      0                         0      0        6
..................................................................


WIND (MPH)
  HIGHEST WIND SPEED    20   HIGHEST WIND DIRECTION    NW (330)
  HIGHEST GUST SPEED    24   HIGHEST GUST DIRECTION     N (340)
  AVERAGE WIND SPEED     7.1


SKY COVER
  POSSIBLE SUNSHINE  MM
  AVERAGE SKY COVER 0.3


WEATHER CONDITIONS
 THE FOLLOWING WEATHER WAS RECORDED YESTERDAY.
  NO SIGNIFICANT WEATHER WAS OBSERVED.


RELATIVE HUMIDITY (PERCENT)
 HIGHEST    85           500 AM
 LOWEST     22           300 PM
 AVERAGE    54

..........................................................


THE BURLINGTON VT CLIMATE NORMALS FOR TODAY
                         NORMAL    RECORD    YEAR
 MAXIMUM TEMPERATURE (F)   58        80      1973
                                             1885
 MINIMUM TEMPERATURE (F)   37        21      1947


SUNRISE AND SUNSET
APRIL 22 2018.........SUNRISE   557 AM EDT   SUNSET   746 PM EDT
APRIL 23 2018.........SUNRISE   555 AM EDT   SUNSET   747 PM EDT


-  INDICATES NEGATIVE NUMBERS.
R  INDICATES RECORD WAS SET OR TIED.
MM INDICATES DATA IS MISSING.
T  INDICATES TRACE AMOUNT.




&&

LAKE CHAMPLAIN DATA:
LEVEL...............98.18 FEET
TEMPERATURE.........37 DEGREES

MOUNT MANSFIELD DATA:
HIGH................34 DEGREES
LOW.................21 DEGREES
PRECIPITATION.......0.00 INCHES
SNOW AT STAKE.......99 INCHES

$$
