000
CDUS41 KLWX 230530
CLIBWI


CLIMATE REPORT
NATIONAL WEATHER SERVICE BALTIMORE MD/WASHINGTON DC
129 AM EDT MON APR 23 2018


...................................

...THE BALTIMORE MD CLIMATE SUMMARY FOR APRIL 22 2018...

CLIMATE NORMAL PERIOD 1981 TO 2010
CLIMATE RECORD PERIOD 1871 TO 2018


WEATHER ITEM   OBSERVED TIME   RECORD YEAR NORMAL DEPARTURE LAST
                VALUE   (LST)  VALUE       VALUE  FROM      YEAR
                                                  NORMAL
..................................................................
TEMPERATURE (F)
 YESTERDAY
  MAXIMUM         66    245 PM  93    1985  67     -1       60
  MINIMUM         44    426 AM  32    1875  45     -1       47
  AVERAGE         55                        56     -1       54

PRECIPITATION (IN)
  YESTERDAY        0.00          1.54 1972   0.10  -0.10     0.27
  MONTH TO DATE    1.65                      2.35  -0.70     2.85
  SINCE MAR 1      3.90                      6.25  -2.35     6.67
  SINCE JAN 1     10.20                     12.20  -2.00    10.82

SNOWFALL (IN)
  YESTERDAY        0.0           T    1984   0.0    0.0
  MONTH TO DATE    0.0                       0.0    0.0
  SINCE JUL 1     15.4                      20.1   -4.7
  SNOW DEPTH       0

DEGREE DAYS
 HEATING
  YESTERDAY       10                        10      0       11
  MONTH TO DATE  332                       285     47      146
  SINCE MAR 1   1092                       951    141      793
  SINCE JUL 1   4404                      4546   -142     3684

 COOLING
  YESTERDAY        0                         1     -1        0
  MONTH TO DATE   21                         4     17       23
  SINCE MAR 1     21                         5     16       23
  SINCE JAN 1     22                         5     17       23
..................................................................


WIND (MPH)
  HIGHEST WIND SPEED    17   HIGHEST WIND DIRECTION     E (70)
  HIGHEST GUST SPEED    20   HIGHEST GUST DIRECTION     E (90)
  AVERAGE WIND SPEED     6.0


SKY COVER
  POSSIBLE SUNSHINE  MM
  AVERAGE SKY COVER 0.7


WEATHER CONDITIONS
 THE FOLLOWING WEATHER WAS RECORDED YESTERDAY.
  NO SIGNIFICANT WEATHER WAS OBSERVED.


RELATIVE HUMIDITY (PERCENT)
 HIGHEST    76           400 AM
 LOWEST     32          1200 PM
 AVERAGE    54

..........................................................


THE BALTIMORE MD CLIMATE NORMALS FOR TODAY
                         NORMAL    RECORD    YEAR
 MAXIMUM TEMPERATURE (F)   67        94      1960
 MINIMUM TEMPERATURE (F)   45        31      1982


SUNRISE AND SUNSET
APRIL 23 2018.........SUNRISE   619 AM EDT   SUNSET   752 PM EDT
APRIL 24 2018.........SUNRISE   617 AM EDT   SUNSET   753 PM EDT


-  INDICATES NEGATIVE NUMBERS.
R  INDICATES RECORD WAS SET OR TIED.
MM INDICATES DATA IS MISSING.
T  INDICATES TRACE AMOUNT.




$$
