645
CDUS45 KRIW 250731
CLIBYG


CLIMATE REPORT
NATIONAL WEATHER SERVICE RIVERTON WY
130 AM MDT WED APR 25 2018


...................................

...THE BUFFALO WY CLIMATE SUMMARY FOR APRIL 24 2018...

CLIMATE NORMAL PERIOD 1981 TO 2010
CLIMATE RECORD PERIOD 1998 TO 2018


WEATHER ITEM   OBSERVED TIME   RECORD YEAR NORMAL DEPARTURE LAST
                VALUE   (LST)  VALUE       VALUE  FROM      YEAR
                                                  NORMAL
..................................................................
TEMPERATURE (F)
 YESTERDAY
  MAXIMUM         50    422 PM  80    2012  57     -7       58
  MINIMUM         32   1159 PM  23    2002  35     -3       34
  AVERAGE         41                        46     -5       46

PRECIPITATION (IN)
  YESTERDAY        T             1.42 2016   0.05  -0.05     1.02
  MONTH TO DATE    0.47                      0.84  -0.37     2.52
  SINCE MAR 1      1.40                      1.76  -0.36     4.54
  SINCE JAN 1      1.74                      2.53  -0.79     4.97

DEGREE DAYS
 HEATING
  YESTERDAY       24                        19      5       19
  MONTH TO DATE  609                       546     63      417
  SINCE MAR 1   1535                      1496     39     1107
  SINCE JUL 1   6679                      6736    -57     5949

 COOLING
  YESTERDAY        0                         0      0        0
  MONTH TO DATE    0                         0      0        0
  SINCE MAR 1      0                         0      0        0
  SINCE JAN 1      0                         0      0        0
..................................................................


WIND (MPH)
  HIGHEST WIND SPEED    20   HIGHEST WIND DIRECTION     N (350)
  HIGHEST GUST SPEED    23   HIGHEST GUST DIRECTION     N (350)
  AVERAGE WIND SPEED     6.9


SKY COVER
  POSSIBLE SUNSHINE  MM
  AVERAGE SKY COVER 0.5


WEATHER CONDITIONS
 THE FOLLOWING WEATHER WAS RECORDED YESTERDAY.
  LIGHT SNOW


RELATIVE HUMIDITY (PERCENT)
 HIGHEST    92          1200 AM
 LOWEST     34           300 PM
 AVERAGE    63

..........................................................


THE BUFFALO WY CLIMATE NORMALS FOR TODAY
                         NORMAL    RECORD    YEAR
 MAXIMUM TEMPERATURE (F)   57        74      2012
 MINIMUM TEMPERATURE (F)   36        19      2008


SUNRISE AND SUNSET
APRIL 25 2018.........SUNRISE   607 AM MDT   SUNSET   804 PM MDT
APRIL 26 2018.........SUNRISE   605 AM MDT   SUNSET   805 PM MDT


-  INDICATES NEGATIVE NUMBERS.
R  INDICATES RECORD WAS SET OR TIED.
MM INDICATES DATA IS MISSING.
T  INDICATES TRACE AMOUNT.




$$
