424
CDUS42 KCAE 200629
CLICAE


CLIMATE REPORT
NATIONAL WEATHER SERVICE COLUMBIA SC
229 AM EDT SUN MAY 20 2018


...................................

...THE COLUMBIA METRO AIRPORT SC CLIMATE SUMMARY FOR MAY 19 2018...

CLIMATE NORMAL PERIOD 1981 TO 2010
CLIMATE RECORD PERIOD 1887 TO 2018


WEATHER ITEM   OBSERVED TIME   RECORD YEAR NORMAL DEPARTURE LAST
                VALUE   (LST)  VALUE       VALUE  FROM      YEAR
                                                  NORMAL
..................................................................
TEMPERATURE (F)
 YESTERDAY
  MAXIMUM         87    237 PM  98    1996  85      2       93
  MINIMUM         69    257 AM  42    1973  61      8       67
  AVERAGE         78                        72      6       80

PRECIPITATION (IN)
  YESTERDAY        0.00          1.30 1969   0.09  -0.09     0.00
  MONTH TO DATE    1.14                      1.73  -0.59     1.05
  SINCE MAR 1      7.21                      8.08  -0.87     9.54
  SINCE JAN 1     11.24                     15.27  -4.03    18.18

SNOWFALL (IN)
  YESTERDAY        0.0          MM      MM   0.0             0.0
  MONTH TO DATE    0.0                       0.0             0.0
  SINCE MAR 1      0.0                       0.1              T
  SINCE JUL 1      T                         1.5             0.1

DEGREE DAYS
 HEATING
  YESTERDAY        0                         0      0        0
  MONTH TO DATE    0                        18    -18       12
  SINCE MAR 1    461                       450     11      324
  SINCE JUL 1   2185                      2549   -364     1665

 COOLING
  YESTERDAY       13                         8      5       15
  MONTH TO DATE  200                       111     89      145
  SINCE MAR 1    259                       202     57      371
  SINCE JAN 1    319                       206    113      389
..................................................................


WIND (MPH)
  HIGHEST WIND SPEED    17   HIGHEST WIND DIRECTION     E (100)
  HIGHEST GUST SPEED    21   HIGHEST GUST DIRECTION    SE (120)
  AVERAGE WIND SPEED     7.0


SKY COVER
  AVERAGE SKY COVER 0.8


WEATHER CONDITIONS
 THE FOLLOWING WEATHER WAS RECORDED YESTERDAY.
  FOG


RELATIVE HUMIDITY (PERCENT)
 HIGHEST   100          1200 AM
 LOWEST     61           100 PM
 AVERAGE    81

..........................................................


THE COLUMBIA METRO AIRPORT SC CLIMATE NORMALS FOR TODAY
                         NORMAL    RECORD    YEAR
 MAXIMUM TEMPERATURE (F)   85        98      1964
 MINIMUM TEMPERATURE (F)   61        40      1894


SUNRISE AND SUNSET
MAY 20 2018...........SUNRISE   620 AM EDT   SUNSET   823 PM EDT
MAY 21 2018...........SUNRISE   619 AM EDT   SUNSET   823 PM EDT


-  INDICATES NEGATIVE NUMBERS.
R  INDICATES RECORD WAS SET OR TIED.
MM INDICATES DATA IS MISSING.
T  INDICATES TRACE AMOUNT.




$$
