000
CDUS44 KLUB 230626
CLICDS


CLIMATE REPORT
NATIONAL WEATHER SERVICE LUBBOCK, TX
126 AM CDT WED MAY 23 2018


...................................

...THE CHILDRESS CLIMATE SUMMARY FOR MAY 22 2018...

CLIMATE NORMAL PERIOD 1981 TO 2010
CLIMATE RECORD PERIOD 1893 TO 2018


WEATHER ITEM   OBSERVED TIME   RECORD YEAR NORMAL DEPARTURE LAST
                VALUE   (LST)  VALUE       VALUE  FROM      YEAR
                                                  NORMAL
..................................................................
TEMPERATURE (F)
 YESTERDAY
  MAXIMUM         89    410 PM 107    1939  86      3       75
  MINIMUM         64    605 AM  40    1931  60      4       55
  AVERAGE         77                        73      4       65

PRECIPITATION (IN)
  YESTERDAY        0.00          3.96 2016   0.12  -0.12     0.07
  MONTH TO DATE    4.57                      2.02   2.55     1.03
  SINCE MAR 1      5.25                      5.67  -0.42     5.05
  SINCE JAN 1      5.50                      7.45  -1.95     9.27

SNOWFALL (IN)
  YESTERDAY        0.0          MM      MM   0.0    0.0      0.0
  MONTH TO DATE    0.0                       0.0    0.0      0.0
  SINCE MAR 1      T                         0.6   -0.6      0.0
  SINCE JUL 1      1.0                       7.0   -6.0      1.5
  SNOW DEPTH       0

DEGREE DAYS
 HEATING
  YESTERDAY        0                         1     -1        0
  MONTH TO DATE    0                        27    -27       20
  SINCE MAR 1    489                       555    -66      379
  SINCE JUL 1   2930                      3115   -185     2327

 COOLING
  YESTERDAY       12                         8      4        0
  MONTH TO DATE  268                       134    134      112
  SINCE MAR 1    366                       224    142      247
  SINCE JAN 1    377                       225    152      262
..................................................................


WIND (MPH)
  RESULTANT WIND SPEED   9   RESULTANT WIND DIRECTION  SE (150)
  HIGHEST WIND SPEED    21   HIGHEST WIND DIRECTION    SE (140)
  HIGHEST GUST SPEED    29   HIGHEST GUST DIRECTION    SE (130)
  AVERAGE WIND SPEED    10.4


SKY COVER
  AVERAGE SKY COVER 0.1


WEATHER CONDITIONS
 THE FOLLOWING WEATHER WAS RECORDED YESTERDAY.
  NO SIGNIFICANT WEATHER WAS OBSERVED.


RELATIVE HUMIDITY (PERCENT)
 HIGHEST   100           400 AM
 LOWEST     40           400 PM
 AVERAGE    70

..........................................................


THE CHILDRESS CLIMATE NORMALS FOR TODAY
                         NORMAL    RECORD    YEAR
 MAXIMUM TEMPERATURE (F)   86       111      2000
 MINIMUM TEMPERATURE (F)   61        44      1893


SUNRISE AND SUNSET
MAY 23 2018...........SUNRISE   634 AM CDT   SUNSET   843 PM CDT
MAY 24 2018...........SUNRISE   633 AM CDT   SUNSET   843 PM CDT


-  INDICATES NEGATIVE NUMBERS.
R  INDICATES RECORD WAS SET OR TIED.
MM INDICATES DATA IS MISSING.
T  INDICATES TRACE AMOUNT.




$$
