000
CDUS44 KMRX 250841
CLICHA


CLIMATE REPORT
NATIONAL WEATHER SERVICE MORRISTOWN TN
441 AM EDT FRI MAY 25 2018


...................................

...THE CHATTANOOGA  ASOS CLIMATE SUMMARY FOR MAY 24 2018...

CLIMATE NORMAL PERIOD 1981 TO 2010
CLIMATE RECORD PERIOD 1879 TO 2018


WEATHER ITEM   OBSERVED TIME   RECORD YEAR NORMAL DEPARTURE LAST
                VALUE   (LST)  VALUE       VALUE  FROM      YEAR
                                                  NORMAL
..................................................................
TEMPERATURE (F)
 YESTERDAY
  MAXIMUM         92    325 PM  94    1953  82     10       76
  MINIMUM         67    530 AM  41    1892  60      7       57
  AVERAGE         80                        71      9       67

PRECIPITATION (IN)
  YESTERDAY        0.00          1.33 2001   0.12  -0.12     0.45
  MONTH TO DATE    1.11                      3.22  -2.11     4.31
  SINCE MAR 1     10.43                     12.19  -1.76    18.87
  SINCE JAN 1     21.30                     21.94  -0.64    27.30

SNOWFALL (IN)
  YESTERDAY        0.0                       0.0    0.0      0.0
  MONTH TO DATE    0.0                       0.0    0.0      0.0
  SINCE MAR 1      T                         1.3   -1.3       T
  SINCE JUL 1      0.8                       3.9   -3.1      0.3
  SNOW DEPTH       0

DEGREE DAYS
 HEATING
  YESTERDAY        0                         1     -1        0
  MONTH TO DATE    1                        37    -36       25
  SINCE MAR 1    655                       615     40      408
  SINCE JUL 1   3053                      3237   -184     2219

 COOLING
  YESTERDAY       15                         6      9        2
  MONTH TO DATE  229                        98    131      148
  SINCE MAR 1    247                       144    103      274
  SINCE JAN 1    272                       144    128      274
..................................................................


WIND (MPH)
  HIGHEST WIND SPEED    13   HIGHEST WIND DIRECTION    SE (130)
  HIGHEST GUST SPEED    18   HIGHEST GUST DIRECTION    SE (150)
  AVERAGE WIND SPEED     3.9


SKY COVER
  POSSIBLE SUNSHINE  MM
  AVERAGE SKY COVER 0.5


WEATHER CONDITIONS
 THE FOLLOWING WEATHER WAS RECORDED YESTERDAY.
  THUNDERSTORM


RELATIVE HUMIDITY (PERCENT)
 HIGHEST    90           300 AM
 LOWEST     38           300 PM
 AVERAGE    64

..........................................................


THE CHATTANOOGA  ASOS CLIMATE NORMALS FOR TODAY
                         NORMAL    RECORD    YEAR
 MAXIMUM TEMPERATURE (F)   82        95      1953
 MINIMUM TEMPERATURE (F)   60        46      1942
                                             1925


SUNRISE AND SUNSET
MAY 25 2018...........SUNRISE   631 AM EDT   SUNSET   845 PM EDT
MAY 26 2018...........SUNRISE   630 AM EDT   SUNSET   846 PM EDT


-  INDICATES NEGATIVE NUMBERS.
R  INDICATES RECORD WAS SET OR TIED.
MM INDICATES DATA IS MISSING.
T  INDICATES TRACE AMOUNT.




$$
