000
CDUS41 KLWX 200540
CLICHO


CLIMATE REPORT
NATIONAL WEATHER SERVICE BALTIMORE MD/WASHINGTON DC
140 AM EDT SUN MAY 20 2018


...................................

...THE CHARLOTTESVILLE VA CLIMATE SUMMARY FOR MAY 19 2018...

CLIMATE NORMAL PERIOD 1981 TO 2010
CLIMATE RECORD PERIOD 1998 TO 2018


WEATHER ITEM   OBSERVED TIME   RECORD YEAR NORMAL DEPARTURE LAST
                VALUE   (LST)  VALUE       VALUE  FROM      YEAR
                                                  NORMAL
..................................................................
TEMPERATURE (F)
 YESTERDAY
  MAXIMUM         68    412 PM  MM      MM  75     -7       93
  MINIMUM         57    603 AM  MM      MM  52      5       67
  AVERAGE         63                        64     -1       80

PRECIPITATION (IN)
  YESTERDAY        0.71                      0.11   0.60     0.00
  MONTH TO DATE    4.04                      2.24   1.80     4.95
  SINCE MAR 1      9.64                      9.26   0.38    10.48
  SINCE JAN 1     15.50                     14.73   0.77    13.72

DEGREE DAYS
 HEATING
  YESTERDAY        2                         3     -1        0
  MONTH TO DATE    3                        94    -91       83
  SINCE MAR 1    970                       994    -24      711
  SINCE JUL 1   3853                      4406   -553     3084

 COOLING
  YESTERDAY        0                         2     -2       15
  MONTH TO DATE  117                        29     88       63
  SINCE MAR 1    133                        50     83      160
  SINCE JAN 1    138                        50     88      161
..................................................................


WIND (MPH)
  HIGHEST WIND SPEED    14   HIGHEST WIND DIRECTION    NE (30)
  HIGHEST GUST SPEED    18   HIGHEST GUST DIRECTION     N (20)
  AVERAGE WIND SPEED     3.0


SKY COVER
  POSSIBLE SUNSHINE  MM
  AVERAGE SKY COVER 1.0


WEATHER CONDITIONS
 THE FOLLOWING WEATHER WAS RECORDED YESTERDAY.
  HEAVY RAIN
  RAIN
  LIGHT RAIN
  FOG


RELATIVE HUMIDITY (PERCENT)
 HIGHEST    93           100 AM
 LOWEST     81           200 PM
 AVERAGE    87

..........................................................


THE CHARLOTTESVILLE VA CLIMATE NORMALS FOR TODAY
                         NORMAL    RECORD    YEAR
 MAXIMUM TEMPERATURE (F)   76        MM        MM
 MINIMUM TEMPERATURE (F)   53        MM        MM


SUNRISE AND SUNSET
MAY 20 2018...........SUNRISE   559 AM EDT   SUNSET   822 PM EDT
MAY 21 2018...........SUNRISE   558 AM EDT   SUNSET   823 PM EDT


-  INDICATES NEGATIVE NUMBERS.
R  INDICATES RECORD WAS SET OR TIED.
MM INDICATES DATA IS MISSING.
T  INDICATES TRACE AMOUNT.




$$
