000
CDUS43 KDVN 210911
CLICID


CLIMATE REPORT
NATIONAL WEATHER SERVICE QUAD CITIES IA IL
411 AM CDT SAT APR 21 2018


...................................

...THE CEDAR RAPIDS IA CLIMATE SUMMARY FOR APRIL 20 2018...

CLIMATE NORMAL PERIOD 1981 TO 2010
CLIMATE RECORD PERIOD 1891 TO 2018


WEATHER ITEM   OBSERVED TIME   RECORD YEAR NORMAL DEPARTURE LAST
                VALUE   (LST)  VALUE       VALUE  FROM      YEAR
                                                  NORMAL
..................................................................
TEMPERATURE (F)
 YESTERDAY
  MAXIMUM         61    311 PM  89    1987  63     -2       70
  MINIMUM         25R   518 AM  27    2013  39    -14       43
                                      1928
  AVERAGE         43                        51     -8       57

PRECIPITATION (IN)
  YESTERDAY        0.00         MM      MM   0.10  -0.10      T
  MONTH TO DATE    0.43                      1.89  -1.46     2.50
  SINCE MAR 1      2.33                      3.99  -1.66     4.75
  SINCE JAN 1      4.36                      6.13  -1.77     6.92

DEGREE DAYS
 HEATING
  YESTERDAY       22                        14      8        8
  MONTH TO DATE  598                       358    240      220
  SINCE MAR 1   1511                      1239    272     1076
  SINCE JUL 1   6566                      6522     44     5352

 COOLING
  YESTERDAY        0                         0      0        0
  MONTH TO DATE    0                         0      0        9
  SINCE MAR 1      0                         0      0        9
  SINCE JAN 1      0                         0      0        9
..................................................................


WIND (MPH)
  HIGHEST WIND SPEED    12   HIGHEST WIND DIRECTION     S (160)
  HIGHEST GUST SPEED    16   HIGHEST GUST DIRECTION    SE (140)
  AVERAGE WIND SPEED     5.8


SKY COVER
  POSSIBLE SUNSHINE  MM
  AVERAGE SKY COVER 0.0


WEATHER CONDITIONS
 THE FOLLOWING WEATHER WAS RECORDED YESTERDAY.
  NO SIGNIFICANT WEATHER WAS OBSERVED.


RELATIVE HUMIDITY (PERCENT)
 HIGHEST    85           600 AM
 LOWEST     23           300 PM
 AVERAGE    54

..........................................................


THE CEDAR RAPIDS IA CLIMATE NORMALS FOR TODAY
                         NORMAL    RECORD    YEAR
 MAXIMUM TEMPERATURE (F)   63        90      1980
 MINIMUM TEMPERATURE (F)   40        23      1934


SUNRISE AND SUNSET
APRIL 21 2018.........SUNRISE   617 AM CDT   SUNSET   754 PM CDT
APRIL 22 2018.........SUNRISE   616 AM CDT   SUNSET   756 PM CDT


-  INDICATES NEGATIVE NUMBERS.
R  INDICATES RECORD WAS SET OR TIED.
MM INDICATES DATA IS MISSING.
T  INDICATES TRACE AMOUNT.




$$
