000
CDUS44 KHGX 210721
CLICLL


CLIMATE REPORT
NATIONAL WEATHER SERVICE HOUSTON/GALVESTON TX
220 AM CDT MON MAY 21 2018


...................................

...THE COLLEGE STATION CLIMATE SUMMARY FOR MAY 20 2018...

CLIMATE NORMAL PERIOD 1981 TO 2010
CLIMATE RECORD PERIOD 1902 TO 2018


WEATHER ITEM   OBSERVED TIME   RECORD YEAR NORMAL DEPARTURE LAST
                VALUE   (LST)  VALUE       VALUE  FROM      YEAR
                                                  NORMAL
..................................................................
TEMPERATURE (F)
 YESTERDAY
  MAXIMUM         84   1111 AM  95    1996  87     -3       83
                                      1933
  MINIMUM         68   1159 PM  50    1894  68      0       68
  AVERAGE         76                        77     -1       76

PRECIPITATION (IN)
  YESTERDAY        0.45          6.23 1983   0.14   0.31     0.91
  MONTH TO DATE    1.32                      2.73  -1.41     2.13
  SINCE MAR 1      8.96                      8.56   0.40     6.81
  SINCE JAN 1     11.88                     14.65  -2.77    13.81

SNOWFALL (IN)
  YESTERDAY        0.0
  MONTH TO DATE    0.0
  SINCE JUL 1      5.0

DEGREE DAYS
 HEATING
  YESTERDAY        0                         0      0        0
  MONTH TO DATE    0                         0      0        0
  SINCE MAR 1    154                       219    -65       78
  SINCE JUL 1   1521                      1606    -85      847

 COOLING
  YESTERDAY       11                        12     -1       11
  MONTH TO DATE  257                       200     57      184
  SINCE MAR 1    443                       411     32      505
  SINCE JAN 1    489                       439     50      636
..................................................................


WIND (MPH)
  HIGHEST WIND SPEED    21   HIGHEST WIND DIRECTION     N (10)
  HIGHEST GUST SPEED    28   HIGHEST GUST DIRECTION    NW (330)
  AVERAGE WIND SPEED     8.1


SKY COVER
  AVERAGE SKY COVER 0.4


WEATHER CONDITIONS
 THE FOLLOWING WEATHER WAS RECORDED YESTERDAY.
  THUNDERSTORM
  HEAVY RAIN
  RAIN
  LIGHT RAIN
  FOG


RELATIVE HUMIDITY (PERCENT)
 HIGHEST   100           900 PM
 LOWEST     69          1100 AM
 AVERAGE    85

..........................................................


THE COLLEGE STATION CLIMATE NORMALS FOR TODAY
                         NORMAL    RECORD    YEAR
 MAXIMUM TEMPERATURE (F)   87        96      2005
                                             1996
 MINIMUM TEMPERATURE (F)   68        50      2002


SUNRISE AND SUNSET
MAY 21 2018...........SUNRISE   628 AM CDT   SUNSET   817 PM CDT
MAY 22 2018...........SUNRISE   627 AM CDT   SUNSET   818 PM CDT


-  INDICATES NEGATIVE NUMBERS.
R  INDICATES RECORD WAS SET OR TIED.
MM INDICATES DATA IS MISSING.
T  INDICATES TRACE AMOUNT.




$$
