000
CDUS45 KGJT 230731
CLICNY


CLIMATE REPORT
NATIONAL WEATHER SERVICE GRAND JUNCTION CO
130 AM MDT WED MAY 23 2018


...................................

...THE CANYONLANDS AIRPORT UT CLIMATE SUMMARY FOR MAY 22 2018...

CLIMATE NORMAL PERIOD 1981 TO 2010
CLIMATE RECORD PERIOD 9999 TO 9999


WEATHER ITEM   OBSERVED TIME   RECORD YEAR NORMAL DEPARTURE LAST
                VALUE   (LST)  VALUE       VALUE  FROM      YEAR
                                                  NORMAL
..................................................................
TEMPERATURE (F)
 YESTERDAY
  MAXIMUM         76    110 PM  MM      MM  81     -5       78
  MINIMUM         54   1150 PM  MM      MM  49      5       41
  AVERAGE         65                        65      0       60

PRECIPITATION (IN)
  YESTERDAY        0.10         MM      MM   0.01   0.09     0.00
  MONTH TO DATE    0.91                      0.44   0.47     0.45
  SINCE MAR 1      1.68                      1.90  -0.22     0.65
  SINCE JAN 1      2.65                      3.06  -0.41     1.29

SNOWFALL (IN)
  YESTERDAY       MM            MM      MM  MM     MM       MM
  MONTH TO DATE   MM                        MM     MM       MM
  SINCE MAR 1     MM                        MM     MM       MM
  SINCE JUL 1     MM                        MM     MM       MM
  SNOW DEPTH      MM

DEGREE DAYS
 HEATING
  YESTERDAY        0                         3     -3        5
  MONTH TO DATE   48                       115    -67      102
  SINCE MAR 1    938                      1131   -193      869
  SINCE JUL 1   4866                      5540   -674     4333

 COOLING
  YESTERDAY        0                         2     -2        0
  MONTH TO DATE   59                        27     32       21
  SINCE MAR 1     66                        30     36       25
  SINCE JAN 1     66                        30     36       25
..................................................................


WIND (MPH)
  HIGHEST WIND SPEED    26   HIGHEST WIND DIRECTION     E (70)
  HIGHEST GUST SPEED    34   HIGHEST GUST DIRECTION     E (70)
  AVERAGE WIND SPEED    12.8


SKY COVER
  POSSIBLE SUNSHINE  MM
  AVERAGE SKY COVER 0.1


WEATHER CONDITIONS
 THE FOLLOWING WEATHER WAS RECORDED YESTERDAY.
  THUNDERSTORM
  HEAVY RAIN
  RAIN
  LIGHT RAIN
  HAZE


RELATIVE HUMIDITY (PERCENT)
 HIGHEST    51          1100 PM
 LOWEST     22          1200 PM
 AVERAGE    37

..........................................................


THE CANYONLANDS AIRPORT UT CLIMATE NORMALS FOR TODAY
                         NORMAL    RECORD    YEAR
 MAXIMUM TEMPERATURE (F)   81        MM        MM
 MINIMUM TEMPERATURE (F)   49        MM        MM


SUNRISE AND SUNSET
MAY 23 2018...........SUNRISE   601 AM MDT   SUNSET   831 PM MDT
MAY 24 2018...........SUNRISE   600 AM MDT   SUNSET   832 PM MDT


-  INDICATES NEGATIVE NUMBERS.
R  INDICATES RECORD WAS SET OR TIED.
MM INDICATES DATA IS MISSING.
T  INDICATES TRACE AMOUNT.




$$
