000
CDUS43 KLSX 260729
CLICOU


CLIMATE REPORT
NATIONAL WEATHER SERVICE ST LOUIS MO
228 AM CDT SAT MAY 26 2018


...................................

...THE COLUMBIA ASOS CLIMATE SUMMARY FOR MAY 25 2018...

CLIMATE NORMAL PERIOD 1981 TO 2010
CLIMATE RECORD PERIOD 1890 TO 2018


WEATHER ITEM   OBSERVED TIME   RECORD YEAR NORMAL DEPARTURE LAST
                VALUE   (LST)  VALUE       VALUE  FROM      YEAR
                                                  NORMAL
..................................................................
TEMPERATURE (F)
 YESTERDAY
  MAXIMUM         82    509 PM  93    1911  77      5       75
  MINIMUM         67    406 AM  33    1925  56     11       49
  AVERAGE         75                        67      8       62

PRECIPITATION (IN)
  YESTERDAY        0.21          1.96 1903   0.16   0.05      T
  MONTH TO DATE    2.88                      4.05  -1.17     5.20
  SINCE MAR 1      6.67                     11.45  -4.78    17.17
  SINCE JAN 1     11.88                     15.62  -3.74    18.39

SNOWFALL (IN)
  YESTERDAY        0.0           0.0  2015   0.0    0.0      0.0
  MONTH TO DATE    0.0                       0.0    0.0      0.0
  SINCE MAR 1      0.9                       1.9   -1.0       T
  SINCE JUL 1      4.1                      18.0  -13.9      1.6
  SNOW DEPTH       0

DEGREE DAYS
 HEATING
  YESTERDAY        0                         2     -2        3
  MONTH TO DATE    0                        99    -99       86
  SINCE MAR 1   1130                      1056     74      775
  SINCE JUL 1   4769                      5002   -233     3816

 COOLING
  YESTERDAY       10                         4      6        0
  MONTH TO DATE  194                        53    141       61
  SINCE MAR 1    207                        78    129      103
  SINCE JAN 1    207                        78    129      107
..................................................................


WIND (MPH)
  HIGHEST WIND SPEED    14   HIGHEST WIND DIRECTION     W (250)
  HIGHEST GUST SPEED    21   HIGHEST GUST DIRECTION     W (250)
  AVERAGE WIND SPEED     5.2


SKY COVER
  AVERAGE SKY COVER 0.3


WEATHER CONDITIONS
 THE FOLLOWING WEATHER WAS RECORDED YESTERDAY.
  HEAVY RAIN
  RAIN
  LIGHT RAIN
  FOG


RELATIVE HUMIDITY (PERCENT)
 HIGHEST    90
 LOWEST     63
 AVERAGE    77

..........................................................


THE COLUMBIA ASOS CLIMATE NORMALS FOR TODAY
                         NORMAL    RECORD    YEAR
 MAXIMUM TEMPERATURE (F)   77        93      1953
                                             1911
 MINIMUM TEMPERATURE (F)   57        38      1901


SUNRISE AND SUNSET
MAY 26 2018...........SUNRISE   549 AM CDT   SUNSET   824 PM CDT
MAY 27 2018...........SUNRISE   548 AM CDT   SUNSET   825 PM CDT


-  INDICATES NEGATIVE NUMBERS.
R  INDICATES RECORD WAS SET OR TIED.
MM INDICATES DATA IS MISSING.
T  INDICATES TRACE AMOUNT.




$$
