000
CDUS42 KILM 250840
CLICRE


CLIMATE REPORT
NATIONAL WEATHER SERVICE WILMINGTON NC
440 AM EDT WED APR 25 2018


...................................

...THE N.MYRTLE BEACH SOUTH CAROLINA CLIMATE SUMMARY FOR APRIL 24 2018...

CLIMATE NORMAL PERIOD 1981 TO 2010
CLIMATE RECORD PERIOD 1949 TO 2018


WEATHER ITEM   OBSERVED TIME   RECORD YEAR NORMAL DEPARTURE LAST
                VALUE   (LST)  VALUE       VALUE  FROM      YEAR
                                                  NORMAL
..................................................................
TEMPERATURE (F)
 YESTERDAY
  MAXIMUM         71    244 PM  86    1950  74     -3       75
  MINIMUM         63   1159 PM  35    1993  54      9       62
  AVERAGE         67                        64      3       69

PRECIPITATION (IN)
  YESTERDAY        1.83R         1.13 2017   0.09   1.74     1.13
  MONTH TO DATE    5.04                      2.43   2.61     3.44
  SINCE MAR 1      7.04                      6.35   0.69     5.38
  SINCE JAN 1     12.75                     13.46  -0.71     8.91

SNOWFALL (IN)
  YESTERDAY       MM            MM          MM
  MONTH TO DATE   MM                        MM
  SINCE MAR 1     MM                        MM
  SINCE JUL 1     MM                        MM
  SNOW DEPTH      MM

DEGREE DAYS
 HEATING
  YESTERDAY        0                         3     -3        0
  MONTH TO DATE  159                       126     33       47
  SINCE MAR 1    555                       464     91      391
  SINCE JUL 1   2319                      2408    -89     1795

 COOLING
  YESTERDAY        2                         2      0        4
  MONTH TO DATE   19                        25     -6       58
  SINCE MAR 1     19                        28     -9       70
  SINCE JAN 1     39                        28     11       71
..................................................................


WIND (MPH)
  RESULTANT WIND SPEED   8   RESULTANT WIND DIRECTION  SE (150)
  HIGHEST WIND SPEED    29   HIGHEST WIND DIRECTION     E (100)
  HIGHEST GUST SPEED    39   HIGHEST GUST DIRECTION     E (110)
  AVERAGE WIND SPEED    11.8


SKY COVER
  POSSIBLE SUNSHINE  MM
  AVERAGE SKY COVER 0.7


WEATHER CONDITIONS
 THE FOLLOWING WEATHER WAS RECORDED YESTERDAY.
  THUNDERSTORM
  HEAVY RAIN
  RAIN
  LIGHT RAIN
  FOG


RELATIVE HUMIDITY (PERCENT)
 HIGHEST   100           400 AM
 LOWEST     78           500 PM
 AVERAGE    89

..........................................................


THE N.MYRTLE BEACH SOUTH CAROLINA CLIMATE NORMALS FOR TODAY
                         NORMAL    RECORD    YEAR
 MAXIMUM TEMPERATURE (F)   74        84      2006
                                             1990
 MINIMUM TEMPERATURE (F)   55        41      1993


SUNRISE AND SUNSET
APRIL 25 2018.........SUNRISE   632 AM EDT   SUNSET   754 PM EDT
APRIL 26 2018.........SUNRISE   631 AM EDT   SUNSET   754 PM EDT


-  INDICATES NEGATIVE NUMBERS.
R  INDICATES RECORD WAS SET OR TIED.
MM INDICATES DATA IS MISSING.
T  INDICATES TRACE AMOUNT.




$$
