000
CDUS41 KRLX 200727
CLICRW


CLIMATE REPORT
NATIONAL WEATHER SERVICE CHARLESTON WV
327 AM EDT SUN MAY 20 2018


...................................

...THE CHARLESTON WV CLIMATE SUMMARY FOR MAY 19 2018...

CLIMATE NORMAL PERIOD 1981 TO 2010
CLIMATE RECORD PERIOD 1901 TO 2018


WEATHER ITEM   OBSERVED TIME   RECORD YEAR NORMAL DEPARTURE LAST
                VALUE   (LST)  VALUE       VALUE  FROM      YEAR
                                                  NORMAL
..................................................................
TEMPERATURE (F)
 YESTERDAY
  MAXIMUM         84    338 PM  95    1931  75      9       80
  MINIMUM         66   1159 PM  35    2009  54     12       64
                                      2002
  AVERAGE         75                        64     11       72

PRECIPITATION (IN)
  YESTERDAY        0.64          1.82 1929   0.15   0.49     0.42
  MONTH TO DATE    2.57                      2.86  -0.29     3.56
  SINCE JAN 1     22.13                     16.20   5.93    17.83

SNOWFALL (IN)
  YESTERDAY        0.0           0.0  2017   0.0    0.0      0.0
                                      2001
  MONTH TO DATE    0.0                       0.0    0.0      0.0
  SINCE SEP 1     19.3                      36.4  -17.1      7.5
  SNOW DEPTH       0

DEGREE DAYS
 HEATING
  YESTERDAY        0                         3     -3        0
  MONTH TO DATE    9                        88    -79       93
  SINCE MAR 1   1141                       982    159      810
  SINCE JUL 1   4412                      4436    -24     3517

 COOLING
  YESTERDAY       10                         3      7        7
  MONTH TO DATE  115                        34     81       48
  SINCE MAR 1    128                        66     62      101
  SINCE JAN 1    137                        66     71      101
..................................................................


WIND (MPH)
  HIGHEST WIND SPEED    22   HIGHEST WIND DIRECTION     S (200)
  HIGHEST GUST SPEED    27   HIGHEST GUST DIRECTION     S (200)
  AVERAGE WIND SPEED     7.0


SKY COVER
  POSSIBLE SUNSHINE  MM
  AVERAGE SKY COVER 0.7


WEATHER CONDITIONS
 THE FOLLOWING WEATHER WAS RECORDED YESTERDAY.
  THUNDERSTORM
  HEAVY RAIN
  LIGHT RAIN
  FOG
  HAZE


RELATIVE HUMIDITY (PERCENT)
 HIGHEST    93           800 PM
 LOWEST     51           200 PM
 AVERAGE    72

..........................................................


THE CHARLESTON WV CLIMATE NORMALS FOR TODAY
                         NORMAL    RECORD    YEAR
 MAXIMUM TEMPERATURE (F)   76        96      1934
 MINIMUM TEMPERATURE (F)   54        32      2002


SUNRISE AND SUNSET
MAY 20 2018...........SUNRISE   611 AM EDT   SUNSET   835 PM EDT
MAY 21 2018...........SUNRISE   610 AM EDT   SUNSET   836 PM EDT


-  INDICATES NEGATIVE NUMBERS.
R  INDICATES RECORD WAS SET OR TIED.
MM INDICATES DATA IS MISSING.
T  INDICATES TRACE AMOUNT.




$$
