000
CDUS42 KFFC 270037
CLICSG


CLIMATE REPORT
NATIONAL WEATHER SERVICE PEACHTREE CITY GA
837 PM EDT THU APR 26 2018


...................................

...THE COLUMBUS CLIMATE SUMMARY FOR APRIL 26 2018...
VALID AS OF 0900 AM LOCAL TIME.

CLIMATE NORMAL PERIOD 1981 TO 2010
CLIMATE RECORD PERIOD 1948 TO 2018


WEATHER ITEM   OBSERVED TIME   RECORD YEAR NORMAL DEPARTURE LAST
                VALUE   (LST)  VALUE       VALUE  FROM      YEAR
                                                  NORMAL
..................................................................
TEMPERATURE (F)
 TODAY
  MAXIMUM         71   1108 AM  91    1986  79     -8       84
  MINIMUM         51    625 AM  34    1910  55     -4       56
  AVERAGE         61                        67     -6       70

PRECIPITATION (IN)
  TODAY            0.69          3.58 1908   0.11   0.58     0.00
  MONTH TO DATE    5.02                      3.12   1.90     2.37
  SINCE MAR 1      8.17                      8.58  -0.41     3.90
  SINCE JAN 1     13.33                     16.87  -3.54    18.16

SNOWFALL (IN)
  TODAY            0.0           0.0  2002   0.0    0.0      0.0
                                      2001
                                      2000
  MONTH TO DATE    0.0                       0.0    0.0      0.0
  SINCE MAR 1      0.0                       0.1   -0.1      0.0
  SINCE JUL 1      2.0                       0.4    1.6      0.0
  SNOW DEPTH       0

DEGREE DAYS
 HEATING
  TODAY            4                         1      3        0
  MONTH TO DATE   82                        86     -4       23
  SINCE MAR 1    334                       332      2      226
  SINCE JUL 1   1791                      2109   -318     1356

 COOLING
  TODAY            0                         4     -4        5
  MONTH TO DATE   34                        62    -28      133
  SINCE MAR 1     59                        85    -26      203
  SINCE JAN 1    131                        89     42      220
..................................................................


WIND (MPH)
  HIGHEST WIND SPEED    14   HIGHEST WIND DIRECTION    NW (310)
  HIGHEST GUST SPEED    20   HIGHEST GUST DIRECTION    NW (310)
  AVERAGE WIND SPEED     0.3


SKY COVER
  AVERAGE SKY COVER 0.0


WEATHER CONDITIONS
 THE FOLLOWING WEATHER WAS RECORDED TODAY.
  NO SIGNIFICANT WEATHER WAS OBSERVED.


RELATIVE HUMIDITY (PERCENT)
 HIGHEST    93           300 AM
 LOWEST     78           900 AM

..........................................................


THE COLUMBUS CLIMATE NORMALS FOR TOMORROW
                         NORMAL    RECORD
 MAXIMUM TEMPERATURE (F)   79        93
 MINIMUM TEMPERATURE (F)   56        39


SUNRISE AND SUNSET
APRIL 26 2018.........SUNRISE   658 AM EDT   SUNSET   817 PM EDT
APRIL 27 2018.........SUNRISE   657 AM EDT   SUNSET   818 PM EDT


-  INDICATES NEGATIVE NUMBERS.
R  INDICATES RECORD WAS SET OR TIED.
MM INDICATES DATA IS MISSING.
T  INDICATES TRACE AMOUNT.




$$
