000
CDUS42 KCAE 222121
CLICUB


CLIMATE REPORT
NATIONAL WEATHER SERVICE COLUMBIA SC
520 PM EDT SUN APR 22 2018


...................................

...THE HAMILTON - OWENS AIRPORT SC CLIMATE SUMMARY FOR APRIL 22 2018...
VALID TODAY AS OF 0500 PM LOCAL TIME.

CLIMATE NORMAL PERIOD 1981 TO 2010
CLIMATE RECORD PERIOD 9999 TO 9999


WEATHER ITEM   OBSERVED TIME   NORMAL DEPARTURE LAST
                VALUE   (LST)  VALUE  FROM      YEAR
                                      NORMAL
......................................................
TEMPERATURE (F)
 TODAY
  MAXIMUM         73    110 PM  78     -5       89
  MINIMUM         54   1240 AM  54      0       66
  AVERAGE         64            66     -2       78

PRECIPITATION (IN)
  TODAY            T             0.09  -0.09     0.00
  MONTH TO DATE    0.88          2.07  -1.19     3.68
  SINCE MAR 1      3.67          5.95  -2.28     7.23
  SINCE JAN 1      7.51         13.23  -5.72    14.93

DEGREE DAYS
 HEATING
  TODAY            1             2     -1        0
  MONTH TO DATE  113            84     29       30
  SINCE MAR 1    463           358    105      299
  SINCE JUL 1   2143          2287   -144     1563

 COOLING
  TODAY            0             3     -3       13
  MONTH TO DATE   31            53    -22      111
  SINCE MAR 1     42            68    -26      163
  SINCE JAN 1     91            71     20      181
......................................................


WIND (MPH)
  HIGHEST WIND SPEED    12   HIGHEST WIND DIRECTION     S (160)
  HIGHEST GUST SPEED    17   HIGHEST GUST DIRECTION    SE (150)
  AVERAGE WIND SPEED     2.9


SKY COVER
  AVERAGE SKY COVER 0.7


WEATHER CONDITIONS
 THE FOLLOWING WEATHER WAS RECORDED TODAY.
  LIGHT RAIN


RELATIVE HUMIDITY (PERCENT)
 HIGHEST    83           100 AM
 LOWEST     44          1100 AM
 AVERAGE    64

..........................................................


THE HAMILTON - OWENS AIRPORT SC CLIMATE NORMALS FOR TOMORROW
                         NORMAL
 MAXIMUM TEMPERATURE (F)   78
 MINIMUM TEMPERATURE (F)   54


SUNRISE AND SUNSET
APRIL 22 2018.........SUNRISE   645 AM EDT   SUNSET   801 PM EDT
APRIL 23 2018.........SUNRISE   644 AM EDT   SUNSET   801 PM EDT


-  INDICATES NEGATIVE NUMBERS.
R  INDICATES RECORD WAS SET OR TIED.
MM INDICATES DATA IS MISSING.
T  INDICATES TRACE AMOUNT.




$$
