000
CDUS46 KSGX 260023
CLICZZ


CLIMATE REPORT
NATIONAL WEATHER SERVICE SAN DIEGO, CA
523 PM PDT FRI MAY 25 2018


...................................

...THE CAMPO ASOS CA CLIMATE SUMMARY FOR MAY 25 2018...
VALID TODAY AS OF 0500 PM LOCAL TIME.

CLIMATE NORMAL PERIOD 1981 TO 2010
CLIMATE RECORD PERIOD 1948 TO 2018


WEATHER ITEM   OBSERVED TIME   RECORD YEAR NORMAL DEPARTURE LAST
                VALUE   (LST)  VALUE       VALUE  FROM      YEAR
                                                  NORMAL
..................................................................
TEMPERATURE (F)
 TODAY
  MAXIMUM         70    144 PM  99    1951  82    -12       69
  MINIMUM         51    559 AM  30    1960  43      8       40
  AVERAGE         61                        62     -1       55

PRECIPITATION (IN)
  TODAY            0.00          0.21 1955   0.01  -0.01     0.00
  MONTH TO DATE    0.05                      0.17  -0.12     0.89
  SINCE OCT 1      4.31                     14.25  -9.94    16.58
  SINCE JAN 1      3.96                     10.03  -6.07    11.35

DEGREE DAYS
 HEATING
  TODAY            4                         4      0       10
  MONTH TO DATE  154                       135     19      150
  SINCE MAR 1    824                       852    -28      728
  SINCE JUL 1   2446                      2903   -457     2638

 COOLING
  TODAY            0                         1     -1        0
  MONTH TO DATE   11                        20     -9       25
  SINCE MAR 1     11                        23    -12       27
  SINCE JAN 1     11                        23    -12       27
..................................................................


WIND (MPH)
  RESULTANT WIND SPEED   9   RESULTANT WIND DIRECTION   W (260)
  HIGHEST WIND SPEED    21   HIGHEST WIND DIRECTION    SW (240)
  HIGHEST GUST SPEED    31   HIGHEST GUST DIRECTION     W (260)
  AVERAGE WIND SPEED     9.7


SKY COVER
  POSSIBLE SUNSHINE  MM
  AVERAGE SKY COVER 0.0



RELATIVE HUMIDITY (PERCENT)
 HIGHEST    89           100 AM
 LOWEST     42          1200 PM
 AVERAGE    66

..........................................................


THE CAMPO ASOS CA CLIMATE NORMALS FOR TOMORROW
                         NORMAL    RECORD    YEAR
 MAXIMUM TEMPERATURE (F)   82        99      1974
 MINIMUM TEMPERATURE (F)   43        29      1972


SUNRISE AND SUNSET
MAY 25 2018...........SUNRISE   542 AM PDT   SUNSET   744 PM PDT
MAY 26 2018...........SUNRISE   541 AM PDT   SUNSET   745 PM PDT


-  INDICATES NEGATIVE NUMBERS.
R  INDICATES RECORD WAS SET OR TIED.
MM INDICATES DATA IS MISSING.
T  INDICATES TRACE AMOUNT.




$$
