000
CDUS43 KUNR 240903
CLID07


CLIMATE REPORT
NATIONAL WEATHER SERVICE RAPID CITY SD
301 AM MDT THU MAY 24 2018


...................................

...THE FAITH SD CLIMATE SUMMARY FOR MAY 23 2018...

CLIMATE NORMAL PERIOD 1981 TO 2010
CLIMATE RECORD PERIOD 9999 TO 9999


WEATHER ITEM   OBSERVED TIME   NORMAL DEPARTURE LAST
                VALUE   (LST)  VALUE  FROM      YEAR
                                      NORMAL
......................................................
TEMPERATURE (F)
 YESTERDAY
  MAXIMUM         75    407 PM  69      6       63
  MINIMUM         59    534 AM  45     14       38
  AVERAGE         67            57     10       51

PRECIPITATION (IN)
  YESTERDAY        0.23          0.09   0.14     0.00
  MONTH TO DATE    1.91          2.24  -0.33     1.17
  SINCE MAR 1      4.83          4.85  -0.02     3.22
  SINCE JAN 1      5.93          5.47   0.46     4.24

DEGREE DAYS
 HEATING
  YESTERDAY        0             8     -8       14
  MONTH TO DATE  155           261   -106      219
  SINCE MAR 1   2163          1872    291     1692
  SINCE JUL 1   8115          7560    555     7043

 COOLING
  YESTERDAY        2             0      2        0
  MONTH TO DATE   15             0     15       12
  SINCE MAR 1     15             1     14       12
  SINCE JAN 1     15             1     14       12
......................................................


WIND (MPH)
  HIGHEST WIND SPEED    31   HIGHEST WIND DIRECTION     S (160)
  HIGHEST GUST SPEED    38   HIGHEST GUST DIRECTION     S (160)
  AVERAGE WIND SPEED    10.4




RELATIVE HUMIDITY (PERCENT)
 HIGHEST   100           300 AM
 LOWEST     72          1100 PM
 AVERAGE    86

..........................................................




SUNRISE AND SUNSET
MAY 24 2018...........SUNRISE   510 AM MDT   SUNSET   820 PM MDT
MAY 25 2018...........SUNRISE   509 AM MDT   SUNSET   821 PM MDT


-  INDICATES NEGATIVE NUMBERS.
R  INDICATES RECORD WAS SET OR TIED.
MM INDICATES DATA IS MISSING.
T  INDICATES TRACE AMOUNT.




$$
