000
CDUS45 KBOU 252356
CLIDEN


CLIMATE REPORT
NATIONAL WEATHER SERVICE DENVER/BOULDER CO
556 PM MDT WED APR 25 2018


...................................

...THE DENVER CO CLIMATE SUMMARY FOR APRIL 25 2018...
VALID TODAY AS OF 0500 PM LOCAL TIME.

CLIMATE NORMAL PERIOD 1981 TO 2010
CLIMATE RECORD PERIOD 1872 TO 2018


WEATHER ITEM   OBSERVED TIME   RECORD YEAR NORMAL DEPARTURE LAST
                VALUE   (LST)  VALUE       VALUE  FROM      YEAR
                                                  NORMAL
..................................................................
TEMPERATURE (F)
 TODAY
  MAXIMUM         66    358 PM  83    1987  64      2       58
                                      1938
  MINIMUM         31    526 AM  20    1924  36     -5       31
  AVERAGE         49                        50     -1       45

PRECIPITATION (IN)
  TODAY            0.00          0.94 1985   0.07  -0.07     0.06
                                      1935
  MONTH TO DATE    0.86                      1.36  -0.50     0.63
  SINCE MAR 1      1.88                      2.28  -0.40     1.53
  SINCE JAN 1      2.73                      3.06  -0.33     2.30

DEGREE DAYS
 HEATING
  TODAY           16                        15      1       20
  MONTH TO DATE  472                       457     15      356
  SINCE MAR 1   1156                      1220    -64      879
  SINCE JUL 1   5213                      5659   -446     4681

 COOLING
  TODAY            0                         0      0        0
  MONTH TO DATE    0                         0      0        0
  SINCE MAR 1      0                         0      0        0
  SINCE JAN 1      0                         0      0        0
..................................................................


WIND (MPH)
  HIGHEST WIND SPEED    10   HIGHEST WIND DIRECTION    SW (220)
  HIGHEST GUST SPEED    14   HIGHEST GUST DIRECTION    SW (210)
  AVERAGE WIND SPEED     4.2


SKY COVER
  POSSIBLE SUNSHINE  MM
  AVERAGE SKY COVER 0.3


WEATHER CONDITIONS
 THE FOLLOWING WEATHER WAS RECORDED TODAY.
  NO SIGNIFICANT WEATHER WAS OBSERVED.


RELATIVE HUMIDITY (PERCENT)
 HIGHEST    78           600 AM
 LOWEST     13           300 PM
 AVERAGE    46

..........................................................


THE DENVER CO CLIMATE NORMALS FOR TOMORROW
                         NORMAL    RECORD    YEAR
 MAXIMUM TEMPERATURE (F)   64        84      1981
 MINIMUM TEMPERATURE (F)   36        18      1924


SUNRISE AND SUNSET
APRIL 25 2018.........SUNRISE   607 AM MDT   SUNSET   747 PM MDT
APRIL 26 2018.........SUNRISE   605 AM MDT   SUNSET   748 PM MDT


-  INDICATES NEGATIVE NUMBERS.
R  INDICATES RECORD WAS SET OR TIED.
MM INDICATES DATA IS MISSING.
T  INDICATES TRACE AMOUNT.




$$
