000
CDUS44 KSHV 240744
CLIDEQ


CLIMATE REPORT
NATIONAL WEATHER SERVICE SHREVEPORT, LA
244 AM CDT THU MAY 24 2018


...................................

...THE DE QUEEN CLIMATE SUMMARY FOR MAY 23 2018...

CLIMATE NORMAL PERIOD 1981 TO 2010
CLIMATE RECORD PERIOD 1902 TO 2018


WEATHER ITEM   OBSERVED TIME   RECORD YEAR NORMAL DEPARTURE LAST
                VALUE   (LST)  VALUE       VALUE  FROM      YEAR
                                                  NORMAL
..................................................................
TEMPERATURE (F)
 YESTERDAY
  MAXIMUM         91    321 PM  92    1958  82      9       77
  MINIMUM         68    447 AM  43    1963  61      7       56
  AVERAGE         80                        72      8       67

PRECIPITATION (IN)
  YESTERDAY        0.89          2.77 1957   0.16   0.73     0.01
  MONTH TO DATE    1.38                      4.52  -3.14     2.59
  SINCE DEC 1     30.08                     24.45   5.63    21.84
  SINCE JAN 1     24.83                     20.09   4.74    19.13

SNOWFALL (IN)
  YESTERDAY        0.0
  MONTH TO DATE    0.0
  SINCE MAR 1      0.0
  SINCE JUL 1      0.1
  SNOW DEPTH       0

DEGREE DAYS
 HEATING
  YESTERDAY        0                         0      0        0
  MONTH TO DATE    0                        21    -21       19
  SINCE MAR 1    503                       551    -48      327
  SINCE JUL 1   2877                      3042   -165     2096

 COOLING
  YESTERDAY       15                         7      8        2
  MONTH TO DATE  219                       107    112      103
  SINCE MAR 1    237                       152     85      200
  SINCE JAN 1    239                       154     85      210
..................................................................


WIND (MPH)
  HIGHEST WIND SPEED    28   HIGHEST WIND DIRECTION     N (350)
  HIGHEST GUST SPEED    40   HIGHEST GUST DIRECTION    NW (330)
  AVERAGE WIND SPEED     4.5


SKY COVER
  POSSIBLE SUNSHINE  MM
  AVERAGE SKY COVER 0.2


WEATHER CONDITIONS
 THE FOLLOWING WEATHER WAS RECORDED YESTERDAY.
  THUNDERSTORM
  HEAVY RAIN
  LIGHT RAIN
  FOG


RELATIVE HUMIDITY (PERCENT)
 HIGHEST   100           100 AM
 LOWEST     47           200 PM
 AVERAGE    74

..........................................................


THE DE QUEEN CLIMATE NORMALS FOR TODAY
                         NORMAL    RECORD    YEAR
 MAXIMUM TEMPERATURE (F)   83        94      1958
 MINIMUM TEMPERATURE (F)   61        48      1940


SUNRISE AND SUNSET
MAY 24 2018...........SUNRISE   610 AM CDT   SUNSET   819 PM CDT
MAY 25 2018...........SUNRISE   610 AM CDT   SUNSET   819 PM CDT


-  INDICATES NEGATIVE NUMBERS.
R  INDICATES RECORD WAS SET OR TIED.
MM INDICATES DATA IS MISSING.
T  INDICATES TRACE AMOUNT.




$$
