000
CDUS43 KEAX 210641
CLIDMO


CLIMATE REPORT
NATIONAL WEATHER SERVICE KANSAS CITY/PLEASANT HILL MO
140 AM CDT MON MAY 21 2018


...................................

...THE SEDALIA MO CLIMATE SUMMARY FOR MAY 20 2018...

CLIMATE NORMAL PERIOD 1981 TO 2010
CLIMATE RECORD PERIOD 9999 TO 9999


WEATHER ITEM   OBSERVED TIME   NORMAL DEPARTURE LAST
                VALUE   (LST)  VALUE  FROM      YEAR
                                      NORMAL
......................................................
TEMPERATURE (F)
 YESTERDAY
  MAXIMUM         80    354 PM  77      3       72
  MINIMUM         64    501 AM  57      7       55
  AVERAGE         72            67      5       64

PRECIPITATION (IN)
  YESTERDAY        0.89          0.15   0.74     0.23
  MONTH TO DATE    3.27          3.12   0.15     2.94
  SINCE MAR 1      6.47          9.98  -3.51    13.73
  SINCE JAN 1     10.42         13.58  -3.16    15.15

DEGREE DAYS
 HEATING
  YESTERDAY        0             2     -2        1
  MONTH TO DATE    0            69    -69       51
  SINCE MAR 1   1089           934    155      700
  SINCE JUL 1   4619          4551     68     3583

 COOLING
  YESTERDAY        7             4      3        0
  MONTH TO DATE  174            49    125       77
  SINCE MAR 1    194            83    111      127
  SINCE JAN 1    194            83    111      127
......................................................


WIND (MPH)
  HIGHEST WIND SPEED    23   HIGHEST WIND DIRECTION     S (190)
  HIGHEST GUST SPEED    30   HIGHEST GUST DIRECTION     S (200)
  AVERAGE WIND SPEED     6.9


SKY COVER
  AVERAGE SKY COVER 0.6


WEATHER CONDITIONS
 THE FOLLOWING WEATHER WAS RECORDED YESTERDAY.
  THUNDERSTORM
  HEAVY RAIN
  RAIN
  LIGHT RAIN
  FOG


RELATIVE HUMIDITY (PERCENT)
 HIGHEST   100           500 AM
 LOWEST     62           200 PM
 AVERAGE    81

..........................................................


THE SEDALIA MO CLIMATE NORMALS FOR TODAY
                         NORMAL
 MAXIMUM TEMPERATURE (F)   77
 MINIMUM TEMPERATURE (F)   57


SUNRISE AND SUNSET
MAY 21 2018...........SUNRISE   556 AM CDT   SUNSET   823 PM CDT
MAY 22 2018...........SUNRISE   555 AM CDT   SUNSET   824 PM CDT


-  INDICATES NEGATIVE NUMBERS.
R  INDICATES RECORD WAS SET OR TIED.
MM INDICATES DATA IS MISSING.
T  INDICATES TRACE AMOUNT.




$$
