000
CDUS43 KLOT 250633
CLIDPA


CLIMATE REPORT
NATIONAL WEATHER SERVICE CHICAGO IL
132 AM CDT WED APR 25 2018


...................................

...THE DU PAGE  AIRPORT CLIMATE SUMMARY FOR APRIL 24 2018...

CLIMATE NORMAL PERIOD 1981 TO 2010
CLIMATE RECORD PERIOD 1997 TO 2018


WEATHER ITEM   OBSERVED TIME   RECORD YEAR NORMAL DEPARTURE LAST
                VALUE   (LST)  VALUE       VALUE  FROM      YEAR
                                                  NORMAL
..................................................................
TEMPERATURE (F)
 YESTERDAY
  MAXIMUM         68    343 PM  84    2009  64      4       74
  MINIMUM         45   1104 PM  28    2015  40      5       34
  AVERAGE         57                        52      5       54

PRECIPITATION (IN)
  YESTERDAY        T             0.53        0.11  -0.11     0.00
  MONTH TO DATE    1.42                      2.45  -1.03     2.48
  SINCE MAR 1      3.12                      4.81  -1.69     5.79
  SINCE JAN 1      5.32                      7.54  -2.22     9.20

DEGREE DAYS
 HEATING
  YESTERDAY        8                        13     -5       11
  MONTH TO DATE  636                       405    231      294
  SINCE MAR 1   1522                      1241    281     1113
  SINCE JUL 1   6394                      5996    398     5212

 COOLING
  YESTERDAY        0                         0      0        0
  MONTH TO DATE    0                         0      0        6
  SINCE MAR 1      0                         0      0        6
  SINCE JAN 1      0                         0      0        6
..................................................................


WIND (MPH)
  RESULTANT WIND SPEED   7   RESULTANT WIND DIRECTION  NE (40)
  HIGHEST WIND SPEED    16   HIGHEST WIND DIRECTION     N (10)
  HIGHEST GUST SPEED    23   HIGHEST GUST DIRECTION    NE (40)
  AVERAGE WIND SPEED     7.9



WEATHER CONDITIONS
 THE FOLLOWING WEATHER WAS RECORDED YESTERDAY.
  LIGHT RAIN
  FOG


..........................................................


THE DU PAGE  AIRPORT CLIMATE NORMALS FOR TODAY
                         NORMAL    RECORD    YEAR
 MAXIMUM TEMPERATURE (F)   64        83      2016
 MINIMUM TEMPERATURE (F)   41        29      1999


SUNRISE AND SUNSET
APRIL 25 2018.........SUNRISE   557 AM CDT   SUNSET   745 PM CDT
APRIL 26 2018.........SUNRISE   556 AM CDT   SUNSET   746 PM CDT


-  INDICATES NEGATIVE NUMBERS.
R  INDICATES RECORD WAS SET OR TIED.
MM INDICATES DATA IS MISSING.
T  INDICATES TRACE AMOUNT.




$$
