000
CDUS44 KBMX 220843
CLIEET


CLIMATE REPORT
NATIONAL WEATHER SERVICE BIRMINGHAM, AL
343 AM CDT TUE MAY 22 2018


...................................

...THE SHELBY COUNTY AIRPORT CLIMATE SUMMARY FOR MAY 21 2018...

CLIMATE NORMAL PERIOD 1981 TO 2010
CLIMATE RECORD PERIOD 9999 TO 9999


WEATHER ITEM   OBSERVED TIME   RECORD YEAR NORMAL DEPARTURE LAST
                VALUE   (LST)  VALUE       VALUE  FROM      YEAR
                                                  NORMAL
..................................................................
TEMPERATURE (F)
 YESTERDAY
  MAXIMUM         78    847 AM  MM      MM  82     -4       84
  MINIMUM         68    535 AM  MM      MM  62      6       67
  AVERAGE         73                        72      1       76

PRECIPITATION (IN)
  YESTERDAY        0.16                      0.16   0.00     0.02
  MONTH TO DATE    0.95                      2.93  -1.98     2.65
  SINCE MAR 1     12.44                     11.30   1.14    13.22
  SINCE JAN 1     23.76                     22.38   1.38    24.32

DEGREE DAYS
 COOLING
  YESTERDAY        8                         7      1       11
  MONTH TO DATE  205                       110     95      132
  SINCE MAR 1    240                       181     59      341
  SINCE JAN 1    282                       185     97      351
..................................................................


WIND (MPH)
  HIGHEST WIND SPEED    12   HIGHEST WIND DIRECTION    SE (130)
  HIGHEST GUST SPEED    17   HIGHEST GUST DIRECTION    SE (140)
  AVERAGE WIND SPEED     3.4


SKY COVER
  POSSIBLE SUNSHINE  MM
  AVERAGE SKY COVER 0.5


WEATHER CONDITIONS
 THE FOLLOWING WEATHER WAS RECORDED YESTERDAY.
  HEAVY RAIN
  RAIN
  LIGHT RAIN
  FOG
  HAZE


RELATIVE HUMIDITY (PERCENT)
 HIGHEST    97          1100 PM
 LOWEST     64           900 AM
 AVERAGE    81

..........................................................


THE SHELBY COUNTY AIRPORT CLIMATE NORMALS FOR TODAY
                         NORMAL    RECORD    YEAR
 MAXIMUM TEMPERATURE (F)   83        MM        MM
 MINIMUM TEMPERATURE (F)   62        MM        MM


SUNRISE AND SUNSET
MAY 22 2018...........SUNRISE   543 AM CDT   SUNSET   745 PM CDT
MAY 23 2018...........SUNRISE   543 AM CDT   SUNSET   746 PM CDT


-  INDICATES NEGATIVE NUMBERS.
R  INDICATES RECORD WAS SET OR TIED.
MM INDICATES DATA IS MISSING.
T  INDICATES TRACE AMOUNT.




$$
