000
CDUS44 KSHV 250734
CLIELD


CLIMATE REPORT
NATIONAL WEATHER SERVICE SHREVEPORT, LA
233 AM CDT FRI MAY 25 2018


...................................

...THE EL DORADO CLIMATE SUMMARY FOR MAY 24 2018...

CLIMATE NORMAL PERIOD 1981 TO 2010
CLIMATE RECORD PERIOD 1907 TO 2018


WEATHER ITEM   OBSERVED TIME   RECORD YEAR NORMAL DEPARTURE LAST
                VALUE   (LST)  VALUE       VALUE  FROM      YEAR
                                                  NORMAL
..................................................................
TEMPERATURE (F)
 YESTERDAY
  MAXIMUM         90    157 PM  94    1918  84      6       71
  MINIMUM         66    528 AM  46    1913  62      4       52
  AVERAGE         78                        73      5       62

PRECIPITATION (IN)
  YESTERDAY        0.01          1.10 1955   0.17  -0.16     0.10
  MONTH TO DATE    0.88                      3.95  -3.07     6.96
  SINCE DEC 1     32.47                     27.06   5.41    32.37
  SINCE JAN 1     26.84                     21.88   4.96    26.08

SNOWFALL (IN)
  YESTERDAY        0.0
  MONTH TO DATE    0.0
  SINCE MAR 1      0.0
  SINCE JUL 1      2.8
  SNOW DEPTH       0

DEGREE DAYS
 HEATING
  YESTERDAY        0                         0      0        3
  MONTH TO DATE    0                        16    -16       17
  SINCE MAR 1    413                       442    -29      271
  SINCE JUL 1   2515                      2670   -155     1723

 COOLING
  YESTERDAY       13                         9      4        0
  MONTH TO DATE  263                       147    116      109
  SINCE MAR 1    311                       240     71      255
  SINCE JAN 1    336                       246     90      282
..................................................................


WIND (MPH)
  HIGHEST WIND SPEED     7   HIGHEST WIND DIRECTION    SE (130)
  HIGHEST GUST SPEED    11   HIGHEST GUST DIRECTION    SW (210)
  AVERAGE WIND SPEED     1.5


SKY COVER
  POSSIBLE SUNSHINE  MM
  AVERAGE SKY COVER 0.2


WEATHER CONDITIONS
 THE FOLLOWING WEATHER WAS RECORDED YESTERDAY.
  LIGHT RAIN


RELATIVE HUMIDITY (PERCENT)
 HIGHEST   100           300 AM
 LOWEST     52           500 PM
 AVERAGE    76

..........................................................


THE EL DORADO CLIMATE NORMALS FOR TODAY
                         NORMAL    RECORD    YEAR
 MAXIMUM TEMPERATURE (F)   85        94      1918
 MINIMUM TEMPERATURE (F)   63        47      2017


SUNRISE AND SUNSET
MAY 25 2018...........SUNRISE   606 AM CDT   SUNSET   811 PM CDT
MAY 26 2018...........SUNRISE   605 AM CDT   SUNSET   812 PM CDT


-  INDICATES NEGATIVE NUMBERS.
R  INDICATES RECORD WAS SET OR TIED.
MM INDICATES DATA IS MISSING.
T  INDICATES TRACE AMOUNT.




$$
