000
CDUS46 KPQR 272321
CLIEUG


CLIMATE REPORT
NATIONAL WEATHER SERVICE PORTLAND OREGON
421 PM PDT SUN MAY 27 2018


...................................

...THE EUGENE OR CLIMATE SUMMARY FOR MAY 27 2018...
VALID TODAY AS OF 0400 PM LOCAL TIME.

CLIMATE NORMAL PERIOD 1981 TO 2010
CLIMATE RECORD PERIOD 1892 TO 2018


WEATHER ITEM   OBSERVED TIME   RECORD YEAR NORMAL DEPARTURE LAST
                VALUE   (LST)  VALUE       VALUE  FROM      YEAR
                                                  NORMAL
..................................................................
TEMPERATURE (F)
 TODAY
  MAXIMUM         75    253 PM  87    1952  69      6       84
  MINIMUM         41    435 AM  34    1966  45     -4       50
                                      1955
                                      1921
  AVERAGE         58                        57      1       67

PRECIPITATION (IN)
  TODAY            0.00          0.53 1948   0.09  -0.09     0.00
  MONTH TO DATE    0.28                      2.39  -2.11     1.22
  SINCE OCT 1     29.53                     41.81 -12.28    43.66
  SINCE JAN 1     15.52                     23.01  -7.49    24.07

SNOWFALL (IN)
  TODAY            0.0
  MONTH TO DATE    0.0
  SINCE MAR 1      T
  SINCE JUL 1      2.0

DEGREE DAYS
 HEATING
  TODAY            7                         8     -1        0
  MONTH TO DATE  191                       274    -83      248
  SINCE MAR 1   1292                      1289      3     1214
  SINCE JUL 1   4615                      4616     -1     4415

 COOLING
  TODAY            0                         0      0        2
  MONTH TO DATE    0                         0      0       13
  SINCE MAR 1      0                         0      0       13
  SINCE JAN 1      0                         0      0       13
..................................................................


WIND (MPH)
  HIGHEST WIND SPEED    17   HIGHEST WIND DIRECTION    NE (30)
  HIGHEST GUST SPEED    21   HIGHEST GUST DIRECTION     N (20)
  AVERAGE WIND SPEED     5.5


SKY COVER
  POSSIBLE SUNSHINE  MM
  AVERAGE SKY COVER 0.2


WEATHER CONDITIONS
 THE FOLLOWING WEATHER WAS RECORDED TODAY.
  FOG


RELATIVE HUMIDITY (PERCENT)
 HIGHEST   100           100 AM
 LOWEST     41           200 PM
 AVERAGE    71

..........................................................


THE EUGENE OR CLIMATE NORMALS FOR TOMORROW
                         NORMAL    RECORD    YEAR
 MAXIMUM TEMPERATURE (F)   69        92      1983
 MINIMUM TEMPERATURE (F)   45        32      2007


SUNRISE AND SUNSET
MAY 27 2018...........SUNRISE   536 AM PDT   SUNSET   845 PM PDT
MAY 28 2018...........SUNRISE   535 AM PDT   SUNSET   846 PM PDT


-  INDICATES NEGATIVE NUMBERS.
R  INDICATES RECORD WAS SET OR TIED.
MM INDICATES DATA IS MISSING.
T  INDICATES TRACE AMOUNT.




$$
