000
CDUS43 KPAH 270647
CLIEVV


CLIMATE REPORT
NATIONAL WEATHER SERVICE PADUCAH KY
138 AM CDT SUN MAY 27 2018


...................................

...THE EVANSVILLE IN CLIMATE SUMMARY FOR MAY 26 2018...

CLIMATE NORMAL PERIOD 1981 TO 2010
CLIMATE RECORD PERIOD 1896 TO 2018


WEATHER ITEM   OBSERVED TIME   RECORD YEAR NORMAL DEPARTURE LAST
                VALUE   (LST)  VALUE       VALUE  FROM      YEAR
                                                  NORMAL
..................................................................
TEMPERATURE (F)
 YESTERDAY
  MAXIMUM         88    416 PM  96    1911  80      8       85
  MINIMUM         69    358 AM  38    1979  58     11       54
  AVERAGE         79                        69     10       70

PRECIPITATION (IN)
  YESTERDAY        0.00          3.28 1981   0.18  -0.18      T
  MONTH TO DATE    1.71                      4.50  -2.79     3.89
  SINCE MAR 1     10.69                     13.11  -2.42    17.63
  SINCE JAN 1     22.90                     19.38   3.52    20.90

SNOWFALL (IN)
  YESTERDAY        0.0           0.0  2002   0.0    0.0      0.0
                                      2001
  MONTH TO DATE    0.0                       0.0    0.0      0.0
  SINCE MAR 1      4.1                       1.1    3.0      1.0
  SINCE JUL 1     12.1                      11.8    0.3      1.4
  SNOW DEPTH       0

DEGREE DAYS
 HEATING
  YESTERDAY        0                         1     -1        0
  MONTH TO DATE    2                        81    -79       73
  SINCE MAR 1   1091                       962    129      693
  SINCE JUL 1   4477                      4536    -59     3392

 COOLING
  YESTERDAY       14                         5      9        5
  MONTH TO DATE  218                        79    139      118
  SINCE MAR 1    226                       106    120      179
  SINCE JAN 1    233                       106    127      179
..................................................................


WIND (MPH)
  HIGHEST WIND SPEED    14   HIGHEST WIND DIRECTION    SW (230)
  HIGHEST GUST SPEED    20   HIGHEST GUST DIRECTION    SW (230)
  AVERAGE WIND SPEED     7.5


SKY COVER
  AVERAGE SKY COVER 0.3


WEATHER CONDITIONS
 THE FOLLOWING WEATHER WAS RECORDED YESTERDAY.
  FOG


RELATIVE HUMIDITY (PERCENT)
 HIGHEST   100
 LOWEST     46
 AVERAGE    73

..........................................................


THE EVANSVILLE IN CLIMATE NORMALS FOR TODAY
                         NORMAL    RECORD    YEAR
 MAXIMUM TEMPERATURE (F)   80        96      1911
 MINIMUM TEMPERATURE (F)   58        35      1961


SUNRISE AND SUNSET
MAY 27 2018...........SUNRISE   531 AM CDT   SUNSET   804 PM CDT
MAY 28 2018...........SUNRISE   531 AM CDT   SUNSET   804 PM CDT


-  INDICATES NEGATIVE NUMBERS.
R  INDICATES RECORD WAS SET OR TIED.
MM INDICATES DATA IS MISSING.
T  INDICATES TRACE AMOUNT.




$$
