000
CDUS42 KMHX 250535
CLIEWN


CLIMATE REPORT
NATIONAL WEATHER SERVICE NEWPORT/MOREHEAD CITY NC
134 AM EDT FRI MAY 25 2018


...................................

...THE NEW BERN NC CLIMATE SUMMARY FOR MAY 24 2018...

CLIMATE NORMAL PERIOD 1981 TO 2010
CLIMATE RECORD PERIOD 1948 TO 2018


WEATHER ITEM   OBSERVED TIME   RECORD YEAR NORMAL DEPARTURE LAST
                VALUE   (LST)  VALUE       VALUE  FROM      YEAR
                                                  NORMAL
..................................................................
TEMPERATURE (F)
 YESTERDAY
  MAXIMUM         82    121 PM  96    2011  82      0       79
  MINIMUM         62   1138 PM  48    2002  61      1       68
                                      1963
  AVERAGE         72                        72      0       74

PRECIPITATION (IN)
  YESTERDAY        T             3.17 1977   0.14  -0.14     0.02
  MONTH TO DATE    3.72                      3.12   0.60     2.69
  SINCE MAR 1     11.83                     10.68   1.15    11.09
  SINCE JAN 1     18.24                     18.36  -0.12    17.31

SNOWFALL (IN)
  YESTERDAY        0.0
  MONTH TO DATE    0.0
  SINCE NOV 1      6.0
  SINCE JUL 1      6.0
  SNOW DEPTH       0

DEGREE DAYS
 HEATING
  YESTERDAY        0                         0      0        0
  MONTH TO DATE   10                        32    -22       28
  SINCE MAR 1    743                       553    190      494
  SINCE JUL 1   2912                      2699    213     2234

 COOLING
  YESTERDAY        7                         7      0        9
  MONTH TO DATE  183                       117     66      142
  SINCE MAR 1    202                       184     18      284
  SINCE JAN 1    244                       187     57      290
..................................................................


WIND (MPH)
  HIGHEST WIND SPEED    14   HIGHEST WIND DIRECTION    SE (130)
  HIGHEST GUST SPEED    19   HIGHEST GUST DIRECTION    SE (150)
  AVERAGE WIND SPEED     4.9


SKY COVER
  POSSIBLE SUNSHINE  MM
  AVERAGE SKY COVER 0.3


WEATHER CONDITIONS
 THE FOLLOWING WEATHER WAS RECORDED YESTERDAY.
  LIGHT RAIN


RELATIVE HUMIDITY (PERCENT)
 HIGHEST   100           500 AM
 LOWEST     50           600 PM
 AVERAGE    75

..........................................................


THE NEW BERN NC CLIMATE NORMALS FOR TODAY
                         NORMAL    RECORD    YEAR
 MAXIMUM TEMPERATURE (F)   82        97      2011
 MINIMUM TEMPERATURE (F)   62        46      1967


SUNRISE AND SUNSET
MAY 25 2018...........SUNRISE   558 AM EDT   SUNSET   813 PM EDT
MAY 26 2018...........SUNRISE   558 AM EDT   SUNSET   813 PM EDT


-  INDICATES NEGATIVE NUMBERS.
R  INDICATES RECORD WAS SET OR TIED.
MM INDICATES DATA IS MISSING.
T  INDICATES TRACE AMOUNT.




$$
