000
CDUS42 KFFC 252034
CLIFFC


CLIMATE REPORT
NATIONAL WEATHER SERVICE PEACHTREE CITY GA
434 PM EDT FRI MAY 25 2018


...................................

...THE PEACHTREE CITY CLIMATE SUMMARY FOR MAY 25 2018...
VALID TODAY AS OF 0400 PM LOCAL TIME.

CLIMATE NORMAL PERIOD 1981 TO 2010
CLIMATE RECORD PERIOD 9999 TO 9999


WEATHER ITEM   OBSERVED TIME   RECORD YEAR NORMAL DEPARTURE LAST
                VALUE   (LST)  VALUE       VALUE  FROM      YEAR
                                                  NORMAL
..................................................................
TEMPERATURE (F)
 TODAY
  MAXIMUM         85    246 PM  MM      MM  83      2       73
  MINIMUM         72    806 AM  MM      MM  59     13       54
  AVERAGE         79                        71      8       64

PRECIPITATION (IN)
  TODAY            0.04         MM      MM   0.13  -0.09     0.02
  MONTH TO DATE    2.80                      2.55   0.25     4.98
  SINCE MAR 1     12.04                     11.58   0.46     9.99
  SINCE JAN 1     20.82                     20.68   0.14    20.24

SNOWFALL (IN)
  TODAY            0.0          MM      MM  MM     MM        0.0
  MONTH TO DATE    0.0                      MM     MM        0.0
  SINCE MAR 1      0.0                      MM     MM        0.0
  SINCE JUL 1      2.9                      MM     MM        0.0
  SNOW DEPTH       0

DEGREE DAYS
 HEATING
  TODAY            0                         0      0        1
  MONTH TO DATE    1                        31    -30       31
  SINCE MAR 1    541                       568    -27      402
  SINCE JUL 1   2515                      2950   -435     2041

 COOLING
  TODAY           14                         7      7        0
  MONTH TO DATE  212                       108    104      125
  SINCE MAR 1    229                       144     85      236
  SINCE JAN 1    254                       144    110      237
..................................................................


WIND (MPH)
  RESULTANT WIND SPEED   4   RESULTANT WIND DIRECTION   E (100)
  HIGHEST WIND SPEED    10   HIGHEST WIND DIRECTION     E (100)
  HIGHEST GUST SPEED    16   HIGHEST GUST DIRECTION     E (90)
  AVERAGE WIND SPEED     4.4


SKY COVER
  POSSIBLE SUNSHINE  MM
  AVERAGE SKY COVER 0.8


WEATHER CONDITIONS
 THE FOLLOWING WEATHER WAS RECORDED TODAY.
  LIGHT RAIN
  FOG


RELATIVE HUMIDITY (PERCENT)
 HIGHEST    93          1200 AM
 LOWEST     65           200 PM
 AVERAGE    79

..........................................................


THE PEACHTREE CITY CLIMATE NORMALS FOR TOMORROW
                         NORMAL    RECORD    YEAR
 MAXIMUM TEMPERATURE (F)   84        MM        MM
 MINIMUM TEMPERATURE (F)   60        MM        MM


SUNRISE AND SUNSET
MAY 25 2018...........SUNRISE   632 AM EDT   SUNSET   838 PM EDT
MAY 26 2018...........SUNRISE   632 AM EDT   SUNSET   839 PM EDT


-  INDICATES NEGATIVE NUMBERS.
R  INDICATES RECORD WAS SET OR TIED.
MM INDICATES DATA IS MISSING.
T  INDICATES TRACE AMOUNT.




$$
