000
CDUS45 KFGZ 260752
CLIFLG


CLIMATE REPORT
NATIONAL WEATHER SERVICE FLAGSTAFF, AZ
1251 AM MST SAT MAY 26 2018


...................................

...THE FLAGSTAFF AZ AIRPORT CLIMATE SUMMARY FOR MAY 25 2018...

CLIMATE NORMAL PERIOD 1981 TO 2010
CLIMATE RECORD PERIOD 1898 TO 2018


WEATHER ITEM   OBSERVED TIME   RECORD YEAR NORMAL DEPARTURE LAST
                VALUE   (LST)  VALUE       VALUE  FROM      YEAR
                                                  NORMAL
..................................................................
TEMPERATURE (F)
 YESTERDAY
  MAXIMUM         75    344 PM  84    1951  71      4       74
  MINIMUM         37    535 AM  18    1980  37      0       43
  AVERAGE         56                        54      2

PRECIPITATION (IN)
  YESTERDAY        0.00          0.23 1994   0.02  -0.02     0.00
  MONTH TO DATE    0.62                      0.51   0.11     0.79
  SINCE SEP 1      6.12                     15.66  -9.54    18.25
  SINCE JAN 1      5.69                      7.99  -2.30     9.64

SNOWFALL (IN)
  YESTERDAY        0.0           T    1996   0.0    0.0      0.0
                                      1987
  MONTH TO DATE    0.6                       0.7   -0.1      1.2
  SINCE JUL 1     38.0                     101.7  -63.7     96.7
  SNOW DEPTH       0

DEGREE DAYS
 HEATING
  YESTERDAY        9                        11     -2        6
  MONTH TO DATE  326                       354    -28      383
  SINCE JUL 1   5811                      6710   -899     6166

 COOLING
  YESTERDAY        0                         0      0        0
  MONTH TO DATE    0                         0      0        0
  SINCE JAN 1      0                         0      0        0
..................................................................


WIND (MPH)
  HIGHEST WIND SPEED    28   HIGHEST WIND DIRECTION    SW (220)
  HIGHEST GUST SPEED    37   HIGHEST GUST DIRECTION    SW (220)
  AVERAGE WIND SPEED     9.8


SKY COVER
  POSSIBLE SUNSHINE  MM
  AVERAGE SKY COVER 0.0


WEATHER CONDITIONS
 THE FOLLOWING WEATHER WAS RECORDED YESTERDAY.
  NO SIGNIFICANT WEATHER WAS OBSERVED.


RELATIVE HUMIDITY (PERCENT)
 HIGHEST    44           500 AM
 LOWEST      9           400 PM
 AVERAGE    27

..........................................................


THE FLAGSTAFF AZ AIRPORT CLIMATE NORMALS FOR TODAY
                         NORMAL    RECORD    YEAR
 MAXIMUM TEMPERATURE (F)   71        87      1951
 MINIMUM TEMPERATURE (F)   37        19      1916


SUNRISE AND SUNSET
MAY 26 2018...........SUNRISE   516 AM MST   SUNSET   732 PM MST
MAY 27 2018...........SUNRISE   515 AM MST   SUNSET   733 PM MST


-  INDICATES NEGATIVE NUMBERS.
R  INDICATES RECORD WAS SET OR TIED.
MM INDICATES DATA IS MISSING.
T  INDICATES TRACE AMOUNT.




$$
