000
CDUS43 KDTX 230536
CLIFNT


CLIMATE REPORT
NATIONAL WEATHER SERVICE DETROIT/PONTIAC MI
136 AM EDT WED MAY 23 2018


...................................

...THE FLINT MI CLIMATE SUMMARY FOR MAY 22 2018...

CLIMATE NORMAL PERIOD 1981 TO 2010
CLIMATE RECORD PERIOD 1921 TO 2018


WEATHER ITEM   OBSERVED TIME   RECORD YEAR NORMAL DEPARTURE LAST
                VALUE   (LST)  VALUE       VALUE  FROM      YEAR
                                                  NORMAL
..................................................................
TEMPERATURE (F)
 YESTERDAY
  MAXIMUM         63   1201 PM  91    1934  70     -7       68
  MINIMUM         49   1156 PM  32    1929  47      2       50
  AVERAGE         56                        59     -3       59

PRECIPITATION (IN)
  YESTERDAY        0.00          1.12 2004   0.10  -0.10     0.00
  MONTH TO DATE    2.80                      2.18   0.62     2.17
  SINCE MAR 1      7.02                      6.98   0.04    10.57
  SINCE JAN 1     12.90                     10.09   2.81    16.12

SNOWFALL (IN)
  YESTERDAY        0.0           T      MM   0.0    0.0      0.0
  MONTH TO DATE    0.0                       0.0    0.0      0.0
  SINCE MAR 1     19.6                       8.8   10.8      6.9
  SINCE JUL 1     85.3                      47.4   37.9     39.4
  SNOW DEPTH       0

DEGREE DAYS
 HEATING
  YESTERDAY        9                         7      2        6
  MONTH TO DATE  127                       225    -98      249
  SINCE MAR 1   1926                      1744    182     1611
  SINCE JUL 1   6876                      6832     44     5760

 COOLING
  YESTERDAY        0                         1     -1        0
  MONTH TO DATE   17                        14      3       17
  SINCE MAR 1     17                        18     -1       20
  SINCE JAN 1     17                        18     -1       20
..................................................................


WIND (MPH)
  HIGHEST WIND SPEED    13   HIGHEST WIND DIRECTION     N (340)
  HIGHEST GUST SPEED    16   HIGHEST GUST DIRECTION     N (340)
  AVERAGE WIND SPEED     4.4


SKY COVER
  POSSIBLE SUNSHINE  MM
  AVERAGE SKY COVER 0.8


WEATHER CONDITIONS
 THE FOLLOWING WEATHER WAS RECORDED YESTERDAY.
  FOG


RELATIVE HUMIDITY (PERCENT)
 HIGHEST   100          1000 PM
 LOWEST     78          1200 PM
 AVERAGE    89

..........................................................


THE FLINT MI CLIMATE NORMALS FOR TODAY
                         NORMAL    RECORD    YEAR
 MAXIMUM TEMPERATURE (F)   71        88      1936
                                             1925
 MINIMUM TEMPERATURE (F)   48        28      1963


SUNRISE AND SUNSET
MAY 23 2018...........SUNRISE   604 AM EDT   SUNSET   859 PM EDT
MAY 24 2018...........SUNRISE   604 AM EDT   SUNSET   900 PM EDT


-  INDICATES NEGATIVE NUMBERS.
R  INDICATES RECORD WAS SET OR TIED.
MM INDICATES DATA IS MISSING.
T  INDICATES TRACE AMOUNT.




$$
