000
CDUS46 KSGX 201134
CLIFUL


CLIMATE REPORT
NATIONAL WEATHER SERVICE SAN DIEGO, CA
423 AM PDT SUN MAY 20 2018


...................................

...THE FULLERTON AIRPORT CA CLIMATE SUMMARY FOR MAY 19 2018...

CLIMATE NORMAL PERIOD 1981 TO 2010
CLIMATE RECORD PERIOD 1998 TO 2018


WEATHER ITEM   OBSERVED TIME   RECORD YEAR NORMAL DEPARTURE LAST
                VALUE   (LST)  VALUE       VALUE  FROM      YEAR
                                                  NORMAL
..................................................................
TEMPERATURE (F)
 YESTERDAY
  MAXIMUM         71    108 PM  92    2008  75     -4       91
  MINIMUM         60    200 AM  53    2011  58      2       57
  AVERAGE         66                        67     -1       74

PRECIPITATION (IN)
  YESTERDAY        0.00          0.00   MM   0.00   0.00     0.00
  MONTH TO DATE    0.02                      0.22  -0.20     0.54
  SINCE OCT 1      3.09                     13.43 -10.34    16.91
  SINCE JAN 1      3.01                      9.53  -6.52    11.00

DEGREE DAYS
 HEATING
  YESTERDAY        0                         1     -1        0
  MONTH TO DATE   16                        24     -8       26
  SINCE MAR 1    183                       296   -113       98
  SINCE JUL 1    633                      1218   -585      795

 COOLING
  YESTERDAY        1                         2     -1        9
  MONTH TO DATE   46                        38      8       45
  SINCE MAR 1    101                        81     20      183
  SINCE JAN 1    138                        90     48      186
..................................................................


WIND (MPH)
  RESULTANT WIND SPEED   2   RESULTANT WIND DIRECTION   S (180)
  HIGHEST WIND SPEED    10   HIGHEST WIND DIRECTION    SW (210)
  HIGHEST GUST SPEED    14   HIGHEST GUST DIRECTION    SW (210)
  AVERAGE WIND SPEED     2.6


SKY COVER
  POSSIBLE SUNSHINE  MM
  AVERAGE SKY COVER 1.0


WEATHER CONDITIONS
 THE FOLLOWING WEATHER WAS RECORDED YESTERDAY.
  NO SIGNIFICANT WEATHER WAS OBSERVED.


RELATIVE HUMIDITY (PERCENT)
 HIGHEST    84           300 AM
 LOWEST     57           100 PM
 AVERAGE    71

..........................................................


THE FULLERTON AIRPORT CA CLIMATE NORMALS FOR TODAY
                         NORMAL    RECORD    YEAR
 MAXIMUM TEMPERATURE (F)   75        97      2017
 MINIMUM TEMPERATURE (F)   58        54      2011


SUNRISE AND SUNSET
MAY 20 2018...........SUNRISE   547 AM PDT   SUNSET   750 PM PDT
MAY 21 2018...........SUNRISE   547 AM PDT   SUNSET   751 PM PDT


-  INDICATES NEGATIVE NUMBERS.
R  INDICATES RECORD WAS SET OR TIED.
MM INDICATES DATA IS MISSING.
T  INDICATES TRACE AMOUNT.




$$
