000
CDUS43 KIWX 250533
CLIFWA


CLIMATE REPORT
NATIONAL WEATHER SERVICE NORTHERN INDIANA
131 AM EDT WED APR 25 2018


...................................

...THE FORT WAYNE CLIMATE SUMMARY FOR APRIL 24 2018...

CLIMATE NORMAL PERIOD 1981 TO 2010
CLIMATE RECORD PERIOD 1897 TO 2018


WEATHER ITEM   OBSERVED TIME   RECORD YEAR NORMAL DEPARTURE LAST
                VALUE   (LST)  VALUE       VALUE  FROM      YEAR
                                                  NORMAL
..................................................................
TEMPERATURE (F)
 YESTERDAY
  MAXIMUM         57    101 PM  88    1925  65     -8       72
  MINIMUM         51    538 AM  27    1930  42      9       40
  AVERAGE         54                        53      1       56

PRECIPITATION (IN)
  YESTERDAY        0.01          0.97 1955   0.11  -0.10     0.00
  MONTH TO DATE    2.16                      2.87  -0.71     2.47
  SINCE MAR 1      5.00                      5.58  -0.58     6.28
  SINCE JAN 1     10.62                      9.88   0.74    12.75

SNOWFALL (IN)
  YESTERDAY        0.0           0.4  1968   0.0    0.0      0.0
  MONTH TO DATE    2.4                       1.0    1.4      0.4
  SINCE MAR 1      4.5                       5.1   -0.6      3.4
  SINCE JUL 1     32.7                      33.5   -0.8     18.5
  SNOW DEPTH       0

DEGREE DAYS
 HEATING
  YESTERDAY       11                        12     -1        9
  MONTH TO DATE  538                       392    146      263
  SINCE MAR 1   1420                      1218    202     1047
  SINCE JUL 1   5748                      5816    -68     4741

 COOLING
  YESTERDAY        0                         0      0        0
  MONTH TO DATE    1                         0      1       13
  SINCE MAR 1      1                         0      1       13
  SINCE JAN 1      1                         0      1       13
..................................................................


WIND (MPH)
  HIGHEST WIND SPEED    18   HIGHEST WIND DIRECTION     E (90)
  HIGHEST GUST SPEED    23   HIGHEST GUST DIRECTION     E (80)
  AVERAGE WIND SPEED     9.7


SKY COVER
  AVERAGE SKY COVER 1.0


WEATHER CONDITIONS
 THE FOLLOWING WEATHER WAS RECORDED YESTERDAY.
  LIGHT RAIN
  FOG


RELATIVE HUMIDITY (PERCENT)
 HIGHEST   100           700 PM
 LOWEST     77           100 PM
 AVERAGE    89

..........................................................


THE FORT WAYNE CLIMATE NORMALS FOR TODAY
                         NORMAL    RECORD    YEAR
 MAXIMUM TEMPERATURE (F)   65        86      1994
                                             1990
                                             1915
 MINIMUM TEMPERATURE (F)   42        24      1967


SUNRISE AND SUNSET
APRIL 25 2018.........SUNRISE   647 AM EDT   SUNSET   831 PM EDT
APRIL 26 2018.........SUNRISE   646 AM EDT   SUNSET   832 PM EDT


-  INDICATES NEGATIVE NUMBERS.
R  INDICATES RECORD WAS SET OR TIED.
MM INDICATES DATA IS MISSING.
T  INDICATES TRACE AMOUNT.




$$
