000
CDUS43 KUNR 240903
CLIGCC


CLIMATE REPORT
NATIONAL WEATHER SERVICE RAPID CITY SD
301 AM MDT THU MAY 24 2018


...................................

...THE GILLETTE AIRPORT WY CLIMATE SUMMARY FOR MAY 23 2018...

CLIMATE NORMAL PERIOD 1981 TO 2010
CLIMATE RECORD PERIOD 9999 TO 9999


WEATHER ITEM   OBSERVED TIME   NORMAL DEPARTURE LAST
                VALUE   (LST)  VALUE  FROM      YEAR
                                      NORMAL
......................................................
TEMPERATURE (F)
 YESTERDAY
  MAXIMUM         77    157 PM  68      9       63
  MINIMUM         50    235 AM  42      8       38
  AVERAGE         64            55      9       51

PRECIPITATION (IN)
  YESTERDAY        0.12          0.08   0.04     0.00
  MONTH TO DATE    0.79          1.77  -0.98     1.22
  SINCE MAR 1      3.67          4.20  -0.53     6.32
  SINCE JAN 1      5.46          4.98   0.48     7.16

DEGREE DAYS
 HEATING
  YESTERDAY        1            10     -9       14
  MONTH TO DATE  227           311    -84      291
  SINCE MAR 1   1837          1919    -82     1644
  SINCE JUL 1   7321          7327     -6     6401

 COOLING
  YESTERDAY        0             0      0        0
  MONTH TO DATE    1             0      1        4
  SINCE MAR 1      1             0      1        4
  SINCE JAN 1      1             0      1        4
......................................................


WIND (MPH)
  HIGHEST WIND SPEED    38   HIGHEST WIND DIRECTION     S (180)
  HIGHEST GUST SPEED    47   HIGHEST GUST DIRECTION     S (190)
  AVERAGE WIND SPEED    11.6


SKY COVER
  AVERAGE SKY COVER 0.4


WEATHER CONDITIONS
 THE FOLLOWING WEATHER WAS RECORDED YESTERDAY.
  THUNDERSTORM
  RAIN
  LIGHT RAIN
  FOG
  HAZE


RELATIVE HUMIDITY (PERCENT)
 HIGHEST   100           300 AM
 LOWEST     33           200 PM
 AVERAGE    67

..........................................................




SUNRISE AND SUNSET
MAY 24 2018...........SUNRISE   526 AM MDT   SUNSET   832 PM MDT
MAY 25 2018...........SUNRISE   526 AM MDT   SUNSET   833 PM MDT


-  INDICATES NEGATIVE NUMBERS.
R  INDICATES RECORD WAS SET OR TIED.
MM INDICATES DATA IS MISSING.
T  INDICATES TRACE AMOUNT.




$$
