000
CDUS43 KFGF 262202
CLIGFK


CLIMATE REPORT
NATIONAL WEATHER SERVICE EASTERN NORTH DAKOTA/GRAND FORKS
500 PM CDT THU APR 26 2018


...................................

...THE GRAND FORKS INTL AP ND CLIMATE SUMMARY FOR APRIL 26 2018...
VALID TODAY AS OF 0500 PM LOCAL TIME.

CLIMATE NORMAL PERIOD 1981 TO 2010
CLIMATE RECORD PERIOD 1948 TO 2018


WEATHER ITEM   OBSERVED TIME   RECORD YEAR NORMAL DEPARTURE LAST
                VALUE   (LST)  VALUE       VALUE  FROM      YEAR
                                                  NORMAL
..................................................................
TEMPERATURE (F)
 TODAY
  MAXIMUM         60    254 PM  90    1952  61     -1       33
  MINIMUM         36    603 AM  18    2002  34      2       31
  AVERAGE         48                        47      1       32

PRECIPITATION (IN)
  TODAY            0.00          1.01 1994   0.04  -0.04     0.11
  MONTH TO DATE    0.15                      0.81  -0.66     1.34
  SINCE MAR 1      2.00                      1.77   0.23     2.19
  SINCE JAN 1      2.93                      2.84   0.09     3.04

SNOWFALL (IN)
  TODAY            0.0           9.6  1994   0.0    0.0      4.7
  MONTH TO DATE    3.0                       2.4    0.6      5.6
  SINCE MAR 1     16.9                       9.6    7.3      5.8
  SINCE JUL 1     52.4                      46.8    5.6     44.1
  SNOW DEPTH       0

DEGREE DAYS
 HEATING
  TODAY           17                        18     -1       33
  MONTH TO DATE  890                       628    262      538
  SINCE MAR 1   2142                      1863    279     1693
  SINCE JUL 1   9132                      9013    119     7662

 COOLING
  TODAY            0                         0      0        0
  MONTH TO DATE    0                         0      0        0
  SINCE MAR 1      0                         0      0        0
  SINCE JAN 1      0                         0      0        0
..................................................................


WIND (MPH)
  HIGHEST WIND SPEED    26   HIGHEST WIND DIRECTION     N (350)
  HIGHEST GUST SPEED    35   HIGHEST GUST DIRECTION     N (350)
  AVERAGE WIND SPEED    18.3


SKY COVER
  POSSIBLE SUNSHINE  MM
  AVERAGE SKY COVER 0.2


WEATHER CONDITIONS
 THE FOLLOWING WEATHER WAS RECORDED TODAY.
  NO SIGNIFICANT WEATHER WAS OBSERVED.


RELATIVE HUMIDITY (PERCENT)
 HIGHEST    85           400 AM
 LOWEST     35           300 PM
 AVERAGE    60

..........................................................


THE GRAND FORKS INTL AP ND CLIMATE NORMALS FOR TOMORROW
                         NORMAL    RECORD    YEAR
 MAXIMUM TEMPERATURE (F)   61        95      1952
 MINIMUM TEMPERATURE (F)   35        15      1956


SUNRISE AND SUNSET
APRIL 26 2018.........SUNRISE   619 AM CDT   SUNSET   835 PM CDT
APRIL 27 2018.........SUNRISE   617 AM CDT   SUNSET   836 PM CDT


-  INDICATES NEGATIVE NUMBERS.
R  INDICATES RECORD WAS SET OR TIED.
MM INDICATES DATA IS MISSING.
T  INDICATES TRACE AMOUNT.




$$
