000
CDUS44 KSHV 200749
CLIGGG


CLIMATE REPORT
NATIONAL WEATHER SERVICE SHREVEPORT, LA
249 AM CDT FRI APR 20 2018


...................................

...THE LONGVIEW CLIMATE SUMMARY FOR APRIL 19 2018...

CLIMATE NORMAL PERIOD 1981 TO 2010
CLIMATE RECORD PERIOD 1902 TO 2018


WEATHER ITEM   OBSERVED TIME   RECORD YEAR NORMAL DEPARTURE LAST
                VALUE   (LST)  VALUE       VALUE  FROM      YEAR
                                                  NORMAL
..................................................................
TEMPERATURE (F)
 YESTERDAY
  MAXIMUM         71    320 PM  93    2011  77     -6       83
  MINIMUM         49    605 AM  36    1953  54     -5       64
  AVERAGE         60                        66     -6       74

PRECIPITATION (IN)
  YESTERDAY        0.00          2.44 1970   0.11  -0.11     0.04
  MONTH TO DATE    2.56                      2.00   0.56     5.10
  SINCE DEC 1     26.21                     18.20   8.01    20.32
  SINCE JAN 1     20.88                     13.71   7.17    15.52

SNOWFALL (IN)
  YESTERDAY        0.0
  MONTH TO DATE    0.0
  SINCE MAR 1      0.0
  SINCE JUL 1      1.5
  SNOW DEPTH       0

DEGREE DAYS
 HEATING
  YESTERDAY        5                         2      3        0
  MONTH TO DATE  106                        74     32       18
  SINCE MAR 1    252                       329    -77      165
  SINCE JUL 1   2046                      2233   -187     1266

 COOLING
  YESTERDAY        0                         3     -3        9
  MONTH TO DATE   36                        45     -9       92
  SINCE MAR 1     98                        72     26      190
  SINCE JAN 1    134                        84     50      261
..................................................................


WIND (MPH)
  HIGHEST WIND SPEED    15   HIGHEST WIND DIRECTION     N (350)
  HIGHEST GUST SPEED    20   HIGHEST GUST DIRECTION     N (340)
  AVERAGE WIND SPEED     7.6


SKY COVER
  POSSIBLE SUNSHINE  MM
  AVERAGE SKY COVER 0.0


WEATHER CONDITIONS
 THE FOLLOWING WEATHER WAS RECORDED YESTERDAY.
  NO SIGNIFICANT WEATHER WAS OBSERVED.


RELATIVE HUMIDITY (PERCENT)
 HIGHEST    71          1000 PM
 LOWEST     35           100 PM
 AVERAGE    53

..........................................................


THE LONGVIEW CLIMATE NORMALS FOR TODAY
                         NORMAL    RECORD    YEAR
 MAXIMUM TEMPERATURE (F)   77        92      1929
 MINIMUM TEMPERATURE (F)   55        38      2013


SUNRISE AND SUNSET
APRIL 20 2018.........SUNRISE   644 AM CDT   SUNSET   752 PM CDT
APRIL 21 2018.........SUNRISE   643 AM CDT   SUNSET   753 PM CDT


-  INDICATES NEGATIVE NUMBERS.
R  INDICATES RECORD WAS SET OR TIED.
MM INDICATES DATA IS MISSING.
T  INDICATES TRACE AMOUNT.




$$
